Last updated on 2025-05-10 22:50:17 CEST.
Flavor | Version | Tinstall | Tcheck | Ttotal | Status | Flags |
---|---|---|---|---|---|---|
r-devel-linux-x86_64-debian-clang | 2.3.4 | 3.95 | 33.73 | 37.68 | OK | |
r-devel-linux-x86_64-debian-gcc | 2.3.4 | 2.81 | 26.38 | 29.19 | OK | |
r-devel-linux-x86_64-fedora-clang | 2.3.4 | 59.84 | OK | |||
r-devel-linux-x86_64-fedora-gcc | 2.3.4 | 72.03 | OK | |||
r-devel-windows-x86_64 | 2.3.4 | 6.00 | 52.00 | 58.00 | OK | |
r-patched-linux-x86_64 | 2.3.4 | 4.29 | 32.26 | 36.55 | OK | |
r-release-linux-x86_64 | 2.3.4 | 3.71 | 32.45 | 36.16 | OK | |
r-release-macos-arm64 | 2.3.4 | 29.00 | OK | |||
r-release-macos-x86_64 | 2.3.4 | 59.00 | OK | |||
r-release-windows-x86_64 | 2.3.4 | 6.00 | 53.00 | 59.00 | OK | |
r-oldrel-macos-arm64 | 2.3.4 | 29.00 | NOTE | |||
r-oldrel-macos-x86_64 | 2.3.4 | 41.00 | NOTE | |||
r-oldrel-windows-x86_64 | 2.3.4 | 7.00 | 60.00 | 67.00 | NOTE |
Version: 2.3.4
Check: LazyData
Result: NOTE
'LazyData' is specified without a 'data' directory
Flavors: r-oldrel-macos-arm64, r-oldrel-macos-x86_64, r-oldrel-windows-x86_64