Last updated on 2025-10-31 15:48:50 CET.
| Flavor | Version | Tinstall | Tcheck | Ttotal | Status | Flags | 
|---|---|---|---|---|---|---|
| r-devel-linux-x86_64-debian-clang | 1.0.2 | 9.03 | 22.75 | 31.78 | OK | |
| r-devel-linux-x86_64-debian-gcc | 1.0.2 | 7.50 | 18.96 | 26.46 | OK | |
| r-devel-linux-x86_64-fedora-clang | 1.0.2 | 17.00 | 29.10 | 46.10 | OK | |
| r-devel-linux-x86_64-fedora-gcc | 1.0.2 | 18.00 | 26.65 | 44.65 | OK | |
| r-devel-windows-x86_64 | 1.0.2 | 11.00 | 39.00 | 50.00 | OK | |
| r-patched-linux-x86_64 | 1.0.2 | 9.31 | 20.78 | 30.09 | OK | |
| r-release-linux-x86_64 | 1.0.2 | 9.14 | 21.40 | 30.54 | OK | |
| r-release-macos-arm64 | 1.0.2 | 6.00 | 13.00 | 19.00 | OK | |
| r-release-macos-x86_64 | 1.0.2 | 12.00 | 27.00 | 39.00 | OK | |
| r-release-windows-x86_64 | 1.0.2 | 10.00 | 40.00 | 50.00 | OK | |
| r-oldrel-macos-arm64 | 1.0.2 | 7.00 | 15.00 | 22.00 | NOTE | |
| r-oldrel-macos-x86_64 | 1.0.2 | 8.00 | 27.00 | 35.00 | NOTE | |
| r-oldrel-windows-x86_64 | 1.0.2 | 10.00 | 44.00 | 54.00 | OK | 
Version: 1.0.2
Check: installed package size
Result: NOTE
    installed size is  5.4Mb
    sub-directories of 1Mb or more:
      data   5.2Mb
Flavors: r-oldrel-macos-arm64, r-oldrel-macos-x86_64