Last updated on 2025-10-31 18:51:16 CET.
| Flavor | Version | Tinstall | Tcheck | Ttotal | Status | Flags | 
|---|---|---|---|---|---|---|
| r-devel-linux-x86_64-debian-clang | 0.1.1 | 2.83 | 28.61 | 31.44 | NOTE | |
| r-devel-linux-x86_64-debian-gcc | 0.1.1 | 2.20 | 22.85 | 25.05 | NOTE | |
| r-devel-linux-x86_64-fedora-clang | 0.1.1 | 46.76 | OK | |||
| r-devel-linux-x86_64-fedora-gcc | 0.1.1 | 44.61 | OK | |||
| r-devel-windows-x86_64 | 0.1.1 | 4.00 | 43.00 | 47.00 | OK | |
| r-patched-linux-x86_64 | 0.1.1 | 2.96 | 27.10 | 30.06 | OK | |
| r-release-linux-x86_64 | 0.1.1 | 3.10 | 27.53 | 30.63 | OK | |
| r-release-macos-arm64 | 0.1.1 | 2.00 | 21.00 | 23.00 | OK | |
| r-release-macos-x86_64 | 0.1.1 | 4.00 | 33.00 | 37.00 | OK | |
| r-release-windows-x86_64 | 0.1.1 | 5.00 | 46.00 | 51.00 | OK | |
| r-oldrel-macos-arm64 | 0.1.1 | 2.00 | 18.00 | 20.00 | NOTE | |
| r-oldrel-macos-x86_64 | 0.1.1 | 2.00 | 24.00 | 26.00 | NOTE | |
| r-oldrel-windows-x86_64 | 0.1.1 | 6.00 | 50.00 | 56.00 | NOTE | 
Version: 0.1.1
Check: CRAN incoming feasibility
Result: NOTE
  Maintainer: ‘Jalpa Joshi Dave <jalpa@tatvic.com>’
  
  No Authors@R field in DESCRIPTION.
  Please add one, modifying
    Authors@R: person(given = c("Jalpa", "Joshi"),
                      family = "Dave",
                      role = c("aut", "cre"),
                      email = "jalpa@tatvic.com")
  as necessary.
Flavors: r-devel-linux-x86_64-debian-clang, r-devel-linux-x86_64-debian-gcc
Version: 0.1.1
Check: LazyData
Result: NOTE
    'LazyData' is specified without a 'data' directory
Flavors: r-oldrel-macos-arm64, r-oldrel-macos-x86_64, r-oldrel-windows-x86_64