Last updated on 2025-10-31 22:50:07 CET.
| Flavor | Version | Tinstall | Tcheck | Ttotal | Status | Flags | 
|---|---|---|---|---|---|---|
| r-devel-linux-x86_64-debian-clang | 1.6 | 4.49 | 40.59 | 45.08 | NOTE | |
| r-devel-linux-x86_64-debian-gcc | 1.6 | 3.17 | 30.45 | 33.62 | NOTE | |
| r-devel-linux-x86_64-fedora-clang | 1.6 | 12.00 | 57.19 | 69.19 | OK | |
| r-devel-linux-x86_64-fedora-gcc | 1.6 | 10.00 | 53.15 | 63.15 | OK | |
| r-devel-windows-x86_64 | 1.6 | 7.00 | 57.00 | 64.00 | OK | |
| r-patched-linux-x86_64 | 1.6 | 5.23 | 37.72 | 42.95 | OK | |
| r-release-linux-x86_64 | 1.6 | 4.62 | 38.22 | 42.84 | OK | |
| r-release-macos-arm64 | 1.6 | 2.00 | 21.00 | 23.00 | OK | |
| r-release-macos-x86_64 | 1.6 | 4.00 | 36.00 | 40.00 | OK | |
| r-release-windows-x86_64 | 1.6 | 7.00 | 59.00 | 66.00 | OK | |
| r-oldrel-macos-arm64 | 1.6 | 2.00 | 20.00 | 22.00 | OK | |
| r-oldrel-macos-x86_64 | 1.6 | 3.00 | 31.00 | 34.00 | OK | |
| r-oldrel-windows-x86_64 | 1.6 | 8.00 | 68.00 | 76.00 | OK | 
Version: 1.6
Check: CRAN incoming feasibility
Result: NOTE
  Maintainer: ‘Thomas D. Fletcher <t.d.fletcher05@gmail.com>’
  
  No Authors@R field in DESCRIPTION.
  Please add one, modifying
    Authors@R: person(given = c("Thomas", "D."),
                      family = "Fletcher",
                      role = c("aut", "cre"),
                      email = "t.d.fletcher05@gmail.com")
  as necessary.
Flavors: r-devel-linux-x86_64-debian-clang, r-devel-linux-x86_64-debian-gcc