CRAN Package Check Results for Package PropCIs

Last updated on 2025-05-10 19:51:05 CEST.

Flavor Version Tinstall Tcheck Ttotal Status Flags
r-devel-linux-x86_64-debian-clang 0.3-0 2.65 23.05 25.70 NOTE
r-devel-linux-x86_64-debian-gcc 0.3-0 2.17 18.09 20.26 NOTE
r-devel-linux-x86_64-fedora-clang 0.3-0 40.15 OK
r-devel-linux-x86_64-fedora-gcc 0.3-0 38.41 OK
r-devel-windows-x86_64 0.3-0 5.00 41.00 46.00 OK
r-patched-linux-x86_64 0.3-0 3.41 21.46 24.87 OK
r-release-linux-x86_64 0.3-0 2.94 21.88 24.82 OK
r-release-macos-arm64 0.3-0 17.00 OK
r-release-macos-x86_64 0.3-0 36.00 OK
r-release-windows-x86_64 0.3-0 4.00 42.00 46.00 OK
r-oldrel-macos-arm64 0.3-0 20.00 OK
r-oldrel-macos-x86_64 0.3-0 22.00 OK
r-oldrel-windows-x86_64 0.3-0 5.00 42.00 47.00 OK

Check Details

Version: 0.3-0
Check: CRAN incoming feasibility
Result: NOTE Maintainer: ‘Ralph Scherer <shearer.ra76@gmail.com>’ No Authors@R field in DESCRIPTION. Please add one, modifying Authors@R: person(given = "Ralph", family = "Scherer", role = c("aut", "cre"), email = "shearer.ra76@gmail.com") as necessary. Flavors: r-devel-linux-x86_64-debian-clang, r-devel-linux-x86_64-debian-gcc