Last updated on 2025-11-11 19:51:47 CET.
| Flavor | Version | Tinstall | Tcheck | Ttotal | Status | Flags |
|---|---|---|---|---|---|---|
| r-devel-linux-x86_64-debian-clang | 1.0-12 | 6.35 | 56.51 | 62.86 | OK | |
| r-devel-linux-x86_64-debian-gcc | 1.0-12 | 5.60 | 43.62 | 49.22 | OK | |
| r-devel-linux-x86_64-fedora-clang | 1.0-12 | 32.00 | 68.86 | 100.86 | OK | |
| r-devel-linux-x86_64-fedora-gcc | 1.0-12 | 15.00 | 76.23 | 91.23 | OK | |
| r-devel-windows-x86_64 | 1.0-12 | 8.00 | 67.00 | 75.00 | OK | |
| r-patched-linux-x86_64 | 1.0-12 | 6.07 | 55.50 | 61.57 | OK | |
| r-release-linux-x86_64 | 1.0-12 | 6.65 | 54.55 | 61.20 | OK | |
| r-release-macos-arm64 | 1.0-12 | 4.00 | 30.00 | 34.00 | OK | |
| r-release-macos-x86_64 | 1.0-12 | 7.00 | 54.00 | 61.00 | OK | |
| r-release-windows-x86_64 | 1.0-12 | 8.00 | 66.00 | 74.00 | OK | |
| r-oldrel-macos-arm64 | 1.0-12 | 3.00 | 26.00 | 29.00 | NOTE | |
| r-oldrel-macos-x86_64 | 1.0-12 | 5.00 | 39.00 | 44.00 | NOTE | |
| r-oldrel-windows-x86_64 | 1.0-12 | 10.00 | 80.00 | 90.00 | NOTE |
Version: 1.0-12
Check: LazyData
Result: NOTE
'LazyData' is specified without a 'data' directory
Flavors: r-oldrel-macos-arm64, r-oldrel-macos-x86_64, r-oldrel-windows-x86_64