Last updated on 2025-10-02 05:48:37 CEST.
Flavor | Version | Tinstall | Tcheck | Ttotal | Status | Flags |
---|---|---|---|---|---|---|
r-devel-linux-x86_64-debian-clang | 1.6.1 | 13.18 | 167.26 | 180.44 | OK | |
r-devel-linux-x86_64-debian-gcc | 1.7 | 8.99 | 129.15 | 138.14 | OK | |
r-devel-linux-x86_64-fedora-clang | 1.7 | 305.55 | OK | |||
r-devel-linux-x86_64-fedora-gcc | 1.7 | 311.93 | OK | |||
r-devel-windows-x86_64 | 1.7 | 16.00 | 201.00 | 217.00 | OK | |
r-patched-linux-x86_64 | 1.7 | 12.12 | 169.21 | 181.33 | OK | |
r-release-linux-x86_64 | 1.6.1 | 12.52 | 156.94 | 169.46 | OK | |
r-release-macos-arm64 | 1.6.1 | 76.00 | OK | |||
r-release-macos-x86_64 | 1.7 | 267.00 | OK | |||
r-release-windows-x86_64 | 1.7 | 18.00 | 209.00 | 227.00 | OK | |
r-oldrel-macos-arm64 | 1.6.1 | 77.00 | NOTE | |||
r-oldrel-macos-x86_64 | 1.7 | 275.00 | NOTE | |||
r-oldrel-windows-x86_64 | 1.7 | 24.00 | 228.00 | 252.00 | NOTE |
Version: 1.6.1
Check: installed package size
Result: NOTE
installed size is 5.7Mb
sub-directories of 1Mb or more:
data 4.1Mb
doc 1.1Mb
Flavor: r-oldrel-macos-arm64
Version: 1.7
Check: installed package size
Result: NOTE
installed size is 5.6Mb
sub-directories of 1Mb or more:
data 4.0Mb
doc 1.1Mb
Flavor: r-oldrel-macos-x86_64
Version: 1.7
Check: DESCRIPTION meta-information
Result: NOTE
Packages listed in more than one of Depends, Imports, Suggests, Enhances:
‘knitr’ ‘rmarkdown’
A package should be listed in only one of these fields.
Flavors: r-oldrel-macos-x86_64, r-oldrel-windows-x86_64