Last updated on 2025-11-01 10:49:48 CET.
| Flavor | Version | Tinstall | Tcheck | Ttotal | Status | Flags |
|---|---|---|---|---|---|---|
| r-devel-linux-x86_64-debian-clang | 1.2.5 | 4.55 | 49.28 | 53.83 | OK | |
| r-devel-linux-x86_64-debian-gcc | 1.2.5 | 4.18 | 36.74 | 40.92 | OK | |
| r-devel-linux-x86_64-fedora-clang | 1.2.5 | 39.00 | 51.86 | 90.86 | NOTE | |
| r-devel-linux-x86_64-fedora-gcc | 1.2.5 | 42.00 | 43.82 | 85.82 | NOTE | |
| r-devel-windows-x86_64 | 1.2.5 | 7.00 | 61.00 | 68.00 | OK | |
| r-patched-linux-x86_64 | 1.2.5 | 5.54 | 46.35 | 51.89 | OK | |
| r-release-linux-x86_64 | 1.2.5 | 5.57 | 47.26 | 52.83 | OK | |
| r-release-macos-arm64 | 1.2.5 | 3.00 | 24.00 | 27.00 | OK | |
| r-release-macos-x86_64 | 1.2.5 | 8.00 | 46.00 | 54.00 | OK | |
| r-release-windows-x86_64 | 1.2.5 | 8.00 | 63.00 | 71.00 | OK | |
| r-oldrel-macos-arm64 | 1.2.5 | 3.00 | 22.00 | 25.00 | OK | |
| r-oldrel-macos-x86_64 | 1.2.5 | 5.00 | 33.00 | 38.00 | OK | |
| r-oldrel-windows-x86_64 | 1.2.5 | 7.00 | 61.00 | 68.00 | OK |
Version: 1.2.5
Check: compiled code
Result: NOTE
File ‘PerfMeas/libs/PerfMeas.so’:
Found no calls to: ‘R_registerRoutines’, ‘R_useDynamicSymbols’
It is good practice to register native routines and to disable symbol
search.
See ‘Writing portable packages’ in the ‘Writing R Extensions’ manual.
Flavors: r-devel-linux-x86_64-fedora-clang, r-devel-linux-x86_64-fedora-gcc