Last updated on 2025-10-31 20:48:46 CET.
| Flavor | Version | Tinstall | Tcheck | Ttotal | Status | Flags | 
|---|---|---|---|---|---|---|
| r-devel-linux-x86_64-debian-clang | 0.1.0 | 2.38 | 44.10 | 46.48 | NOTE | |
| r-devel-linux-x86_64-debian-gcc | 0.1.0 | 1.56 | 29.85 | 31.41 | NOTE | |
| r-devel-linux-x86_64-fedora-clang | 0.1.0 | 74.71 | OK | |||
| r-devel-linux-x86_64-fedora-gcc | 0.1.0 | 84.94 | OK | |||
| r-devel-windows-x86_64 | 0.1.0 | 4.00 | 65.00 | 69.00 | OK | |
| r-patched-linux-x86_64 | 0.1.0 | 2.12 | 41.78 | 43.90 | OK | |
| r-release-linux-x86_64 | 0.1.0 | 2.38 | 42.64 | 45.02 | OK | |
| r-release-macos-arm64 | 0.1.0 | 1.00 | 38.00 | 39.00 | OK | |
| r-release-macos-x86_64 | 0.1.0 | 2.00 | 57.00 | 59.00 | OK | |
| r-release-windows-x86_64 | 0.1.0 | 3.00 | 67.00 | 70.00 | OK | |
| r-oldrel-macos-arm64 | 0.1.0 | 1.00 | 26.00 | 27.00 | OK | |
| r-oldrel-macos-x86_64 | 0.1.0 | 2.00 | 42.00 | 44.00 | OK | |
| r-oldrel-windows-x86_64 | 0.1.0 | 4.00 | 78.00 | 82.00 | OK | 
Version: 0.1.0
Check: CRAN incoming feasibility
Result: NOTE
  Maintainer: ‘Zhili Qiao <zlqiao@iastate.edu>’
  
  No Authors@R field in DESCRIPTION.
  Please add one, modifying
    Authors@R: person(given = "Zhili",
                      family = "Qiao",
                      role = c("aut", "cre"),
                      email = "zlqiao@iastate.edu")
  as necessary.
Flavors: r-devel-linux-x86_64-debian-clang, r-devel-linux-x86_64-debian-gcc