Last updated on 2025-05-11 00:49:44 CEST.
Flavor | Version | Tinstall | Tcheck | Ttotal | Status | Flags |
---|---|---|---|---|---|---|
r-devel-linux-x86_64-debian-clang | 0.1.0 | 1.52 | 16.46 | 17.98 | NOTE | |
r-devel-linux-x86_64-debian-gcc | 0.1.0 | 1.29 | 13.52 | 14.81 | NOTE | |
r-devel-linux-x86_64-fedora-clang | 0.1.0 | 28.06 | OK | |||
r-devel-linux-x86_64-fedora-gcc | 0.1.0 | 26.77 | OK | |||
r-devel-windows-x86_64 | 0.1.0 | 3.00 | 36.00 | 39.00 | OK | |
r-patched-linux-x86_64 | 0.1.0 | 1.38 | 15.64 | 17.02 | OK | |
r-release-linux-x86_64 | 0.1.0 | 1.51 | 15.49 | 17.00 | OK | |
r-release-macos-arm64 | 0.1.0 | 17.00 | OK | |||
r-release-macos-x86_64 | 0.1.0 | 23.00 | OK | |||
r-release-windows-x86_64 | 0.1.0 | 3.00 | 37.00 | 40.00 | OK | |
r-oldrel-macos-arm64 | 0.1.0 | 15.00 | NOTE | |||
r-oldrel-macos-x86_64 | 0.1.0 | 18.00 | NOTE | |||
r-oldrel-windows-x86_64 | 0.1.0 | 3.00 | 42.00 | 45.00 | NOTE |
Version: 0.1.0
Check: CRAN incoming feasibility
Result: NOTE
Maintainer: ‘Kartikeya Bolar <kartikeya.bolar@tapmi.edu.in>’
No Authors@R field in DESCRIPTION.
Please add one, modifying
Authors@R: person(given = "Kartikeya",
family = "Bolar",
role = c("aut", "cre"),
email = "kartikeya.bolar@tapmi.edu.in")
as necessary.
Flavors: r-devel-linux-x86_64-debian-clang, r-devel-linux-x86_64-debian-gcc
Version: 0.1.0
Check: LazyData
Result: NOTE
'LazyData' is specified without a 'data' directory
Flavors: r-oldrel-macos-arm64, r-oldrel-macos-x86_64, r-oldrel-windows-x86_64