Last updated on 2025-07-08 18:53:19 CEST.
Flavor | Version | Tinstall | Tcheck | Ttotal | Status | Flags |
---|---|---|---|---|---|---|
r-devel-linux-x86_64-debian-clang | 1.1.3 | 46.04 | 41.71 | 87.75 | OK | |
r-devel-linux-x86_64-debian-gcc | 1.1.3 | 35.78 | 30.57 | 66.35 | OK | |
r-devel-linux-x86_64-fedora-clang | 1.1.3 | 154.81 | OK | |||
r-devel-linux-x86_64-fedora-gcc | 1.1.3 | 153.13 | OK | |||
r-devel-windows-x86_64 | 1.1.3 | 55.00 | 75.00 | 130.00 | OK | |
r-patched-linux-x86_64 | 1.1.3 | 52.18 | 37.52 | 89.70 | OK | |
r-release-linux-x86_64 | 1.1.3 | 47.43 | 37.37 | 84.80 | OK | |
r-release-macos-arm64 | 1.1.3 | 37.00 | OK | |||
r-release-macos-x86_64 | 1.1.3 | 67.00 | OK | |||
r-release-windows-x86_64 | 1.1.3 | 56.00 | 77.00 | 133.00 | OK | |
r-oldrel-macos-arm64 | 1.1.3 | 42.00 | NOTE | |||
r-oldrel-macos-x86_64 | 1.1.3 | 78.00 | NOTE | |||
r-oldrel-windows-x86_64 | 1.1.3 | 65.00 | 92.00 | 157.00 | OK |
Version: 1.1.3
Check: installed package size
Result: NOTE
installed size is 6.9Mb
sub-directories of 1Mb or more:
libs 6.7Mb
Flavors: r-oldrel-macos-arm64, r-oldrel-macos-x86_64