Last updated on 2025-05-10 17:50:40 CEST.
Flavor | Version | Tinstall | Tcheck | Ttotal | Status | Flags |
---|---|---|---|---|---|---|
r-devel-linux-x86_64-debian-clang | 0.6.3 | 9.23 | 224.68 | 233.91 | NOTE | |
r-devel-linux-x86_64-debian-gcc | 0.6.3 | 6.32 | 154.54 | 160.86 | NOTE | |
r-devel-linux-x86_64-fedora-clang | 0.6.3 | 385.77 | OK | |||
r-devel-linux-x86_64-fedora-gcc | 0.6.3 | 411.71 | OK | |||
r-devel-windows-x86_64 | 0.6.3 | 14.00 | 209.00 | 223.00 | OK | |
r-patched-linux-x86_64 | 0.6.3 | 8.81 | 210.25 | 219.06 | OK | |
r-release-linux-x86_64 | 0.6.3 | 8.34 | 210.58 | 218.92 | OK | |
r-release-macos-arm64 | 0.6.3 | 153.00 | OK | |||
r-release-macos-x86_64 | 0.6.3 | 208.00 | OK | |||
r-release-windows-x86_64 | 0.6.3 | 14.00 | 205.00 | 219.00 | OK | |
r-oldrel-macos-arm64 | 0.6.3 | 107.00 | OK | |||
r-oldrel-macos-x86_64 | 0.6.3 | 158.00 | OK | |||
r-oldrel-windows-x86_64 | 0.6.3 | 18.00 | 271.00 | 289.00 | OK |
Version: 0.6.3
Check: CRAN incoming feasibility
Result: NOTE
Maintainer: ‘Antony Unwin <unwin@math.uni-augsburg.de>’
No Authors@R field in DESCRIPTION.
Please add one, modifying
Authors@R: person(given = "Antony",
family = "Unwin",
role = c("aut", "cre"),
email = "unwin@math.uni-augsburg.de")
as necessary.
Flavors: r-devel-linux-x86_64-debian-clang, r-devel-linux-x86_64-debian-gcc