Last updated on 2025-05-10 04:51:49 CEST.
Flavor | Version | Tinstall | Tcheck | Ttotal | Status | Flags |
---|---|---|---|---|---|---|
r-devel-linux-x86_64-debian-clang | 1.2 | 3.51 | 32.47 | 35.98 | NOTE | |
r-devel-linux-x86_64-debian-gcc | 1.2 | 2.21 | 24.32 | 26.53 | NOTE | |
r-devel-linux-x86_64-fedora-clang | 1.2 | 53.19 | OK | |||
r-devel-linux-x86_64-fedora-gcc | 1.2 | 50.78 | OK | |||
r-devel-windows-x86_64 | 1.2 | 6.00 | 49.00 | 55.00 | OK | |
r-patched-linux-x86_64 | 1.2 | 3.08 | 29.91 | 32.99 | OK | |
r-release-linux-x86_64 | 1.2 | 2.85 | 29.88 | 32.73 | OK | |
r-release-macos-arm64 | 1.2 | 20.00 | OK | |||
r-release-macos-x86_64 | 1.2 | 32.00 | OK | |||
r-release-windows-x86_64 | 1.2 | 5.00 | 51.00 | 56.00 | OK | |
r-oldrel-macos-arm64 | 1.2 | 19.00 | OK | |||
r-oldrel-macos-x86_64 | 1.2 | 27.00 | OK | |||
r-oldrel-windows-x86_64 | 1.2 | 6.00 | 59.00 | 65.00 | OK |
Version: 1.2
Check: CRAN incoming feasibility
Result: NOTE
Maintainer: ‘Enrique del Castillo <exd13@psu.edu>’
No Authors@R field in DESCRIPTION.
Please add one, modifying
Authors@R: c(person(given = c("Enrique", "del"),
family = "Castillo",
role = c("aut", "cre"),
email = "exd13@psu.edu"),
person(given = "Peng",
family = "Chen",
role = "aut"),
person(given = "Adam",
family = "Meyers",
role = "aut"),
person(given = "John",
family = "Hunt",
role = "aut"),
person(given = "James",
family = "Rapkin",
role = "aut"))
as necessary.
Flavors: r-devel-linux-x86_64-debian-clang, r-devel-linux-x86_64-debian-gcc