Last updated on 2025-05-09 11:50:31 CEST.
Flavor | Version | Tinstall | Tcheck | Ttotal | Status | Flags |
---|---|---|---|---|---|---|
r-devel-linux-x86_64-debian-clang | 1.0.0 | 38.08 | 399.43 | 437.51 | NOTE | |
r-devel-linux-x86_64-debian-gcc | 1.0.0 | 26.81 | 286.05 | 312.86 | NOTE | |
r-devel-linux-x86_64-fedora-clang | 1.0.0 | 735.88 | OK | |||
r-devel-linux-x86_64-fedora-gcc | 1.0.0 | 671.36 | OK | |||
r-devel-windows-x86_64 | 1.0.0 | 39.00 | 334.00 | 373.00 | OK | |
r-patched-linux-x86_64 | 1.0.0 | 34.31 | 370.68 | 404.99 | OK | |
r-release-linux-x86_64 | 1.0.0 | 36.25 | 366.00 | 402.25 | OK | |
r-release-macos-arm64 | 1.0.0 | 196.00 | OK | |||
r-release-macos-x86_64 | 1.0.0 | 369.00 | OK | |||
r-release-windows-x86_64 | 1.0.0 | 38.00 | 334.00 | 372.00 | OK | |
r-oldrel-macos-arm64 | 1.0.0 | 192.00 | OK | |||
r-oldrel-macos-x86_64 | 1.0.0 | 267.00 | OK | |||
r-oldrel-windows-x86_64 | 1.0.0 | 51.00 | 429.00 | 480.00 | OK |
Version: 1.0.0
Check: CRAN incoming feasibility
Result: NOTE
Maintainer: ‘Dadong Zhang <dadong.zhang.shared@gmail.com>’
No Authors@R field in DESCRIPTION.
Please add one, modifying
Authors@R: person(given = "Dadong",
family = "Zhang",
role = c("aut", "cre"),
email = "dadong.zhang.shared@gmail.com")
as necessary.
Flavors: r-devel-linux-x86_64-debian-clang, r-devel-linux-x86_64-debian-gcc