Last updated on 2025-05-11 23:50:04 CEST.
Flavor | Version | Tinstall | Tcheck | Ttotal | Status | Flags |
---|---|---|---|---|---|---|
r-devel-linux-x86_64-debian-clang | 2.10 | 14.95 | 237.13 | 252.08 | NOTE | |
r-devel-linux-x86_64-debian-gcc | 2.10 | 10.08 | 157.27 | 167.35 | NOTE | |
r-devel-linux-x86_64-fedora-clang | 2.10 | 405.00 | OK | |||
r-devel-linux-x86_64-fedora-gcc | 2.10 | 408.78 | OK | |||
r-devel-windows-x86_64 | 2.10 | 17.00 | 231.00 | 248.00 | OK | |
r-patched-linux-x86_64 | 2.10 | 14.51 | 229.37 | 243.88 | OK | |
r-release-linux-x86_64 | 2.10 | 12.82 | 230.76 | 243.58 | OK | |
r-release-macos-arm64 | 2.10 | 118.00 | OK | |||
r-release-macos-x86_64 | 2.10 | 253.00 | OK | |||
r-release-windows-x86_64 | 2.10 | 17.00 | 230.00 | 247.00 | OK | |
r-oldrel-macos-arm64 | 2.10 | 100.00 | OK | |||
r-oldrel-macos-x86_64 | 2.10 | 163.00 | OK | |||
r-oldrel-windows-x86_64 | 2.10 | 20.00 | 304.00 | 324.00 | OK |
Version: 2.10
Check: CRAN incoming feasibility
Result: NOTE
Maintainer: ‘Jeremy Beaulieu <jmbeauli@uark.edu>’
No Authors@R field in DESCRIPTION.
Please add one, modifying
Authors@R: c(person(given = c("Jeremy", "M."),
family = "Beaulieu",
role = "aut",
email = "jmbeauli@uark.edu"),
person(given = "Brian",
family = "O'Meara",
role = "aut",
email = "bomeara@utk.edu"),
person(given = "Jeremy",
family = "Beaulieu",
role = "cre",
email = "jmbeauli@uark.edu"))
as necessary.
Flavors: r-devel-linux-x86_64-debian-clang, r-devel-linux-x86_64-debian-gcc