Last updated on 2025-11-14 22:50:11 CET.
| Flavor | Version | Tinstall | Tcheck | Ttotal | Status | Flags |
|---|---|---|---|---|---|---|
| r-devel-linux-x86_64-debian-clang | 3.1.2 | 67.42 | 114.04 | 181.46 | OK | |
| r-devel-linux-x86_64-debian-gcc | 3.1.2 | 41.79 | 87.30 | 129.09 | OK | |
| r-devel-linux-x86_64-fedora-clang | 3.1.2 | 152.00 | 181.05 | 333.05 | OK | |
| r-devel-linux-x86_64-fedora-gcc | 3.1.2 | 145.00 | 164.54 | 309.54 | OK | |
| r-devel-windows-x86_64 | 3.1.2 | 70.00 | 159.00 | 229.00 | OK | |
| r-patched-linux-x86_64 | 3.1.1 | 59.94 | 114.98 | 174.92 | NOTE | |
| r-release-linux-x86_64 | 3.1.1 | 57.73 | 114.72 | 172.45 | NOTE | |
| r-release-macos-arm64 | 3.1.2 | 38.00 | 83.00 | 121.00 | OK | |
| r-release-macos-x86_64 | 3.1.2 | 39.00 | 112.00 | 151.00 | OK | |
| r-release-windows-x86_64 | 3.1.2 | 66.00 | 139.00 | 205.00 | OK | |
| r-oldrel-macos-arm64 | 3.1.2 | 37.00 | 88.00 | 125.00 | NOTE | |
| r-oldrel-macos-x86_64 | 3.1.2 | 41.00 | 136.00 | 177.00 | OK | |
| r-oldrel-windows-x86_64 | 3.1.1 | 84.00 | 158.00 | 242.00 | NOTE |
Version: 3.1.1
Check: C++ specification
Result: NOTE
Specified C++11: please drop specification unless essential
Flavors: r-patched-linux-x86_64, r-release-linux-x86_64, r-oldrel-windows-x86_64
Version: 3.1.1
Check: Rd files
Result: NOTE
checkRd: (-1) plot.regression.circular.Rd:35: Lost braces
35 | code{plot.type="circle"} and \code{x} is the output of \code{\link{kern.reg.circ.lin}}) or to \code{\link{lines3d}} (if \code{plot.type="circle"})
| ^
Flavors: r-patched-linux-x86_64, r-release-linux-x86_64, r-oldrel-windows-x86_64
Version: 3.1.1
Check: Rd cross-references
Result: NOTE
Found the following Rd file(s) with Rd \link{} targets missing package
anchors:
ancova.circ.lin.Rd: circular
bw.AA.Rd: circular, density.circular
bw.CV.Rd: circular
bw.boot.Rd: circular
bw.circ.local.lik.Rd: circular
bw.pi.Rd: circular
bw.reg.circ.lin.Rd: circular
bw.rt.Rd: circular
circ.local.lik.Rd: circular
circsizer.density.Rd: circular
circsizer.regression.Rd: circular
dcircmix.Rd: circular
dpreg.circ.Rd: circular
dwsn.Rd: circular
kern.den.circ.Rd: circular, density.circular, plot.density.circular,
lines.density.circular
kern.dpreg.circ.Rd: circular
kern.reg.circ.lin.Rd: circular
lines.regression.circular.Rd: radial.plot, lines3d
modalreg.circ.lin.Rd: circular
noeffect.circ.lin.Rd: circular
plot.regression.circular.Rd: radial.plot, lines3d
Please provide package anchors for all Rd \link{} targets not in the
package itself and the base packages.
Flavors: r-patched-linux-x86_64, r-release-linux-x86_64
Version: 3.1.2
Check: installed package size
Result: NOTE
installed size is 5.3Mb
sub-directories of 1Mb or more:
libs 4.4Mb
Flavor: r-oldrel-macos-arm64