Last updated on 2025-05-10 13:49:38 CEST.
Flavor | Version | Tinstall | Tcheck | Ttotal | Status | Flags |
---|---|---|---|---|---|---|
r-devel-linux-x86_64-debian-clang | 0.0.4 | 19.82 | 136.91 | 156.73 | NOTE | |
r-devel-linux-x86_64-debian-gcc | 0.0.4 | 11.31 | 92.12 | 103.43 | NOTE | |
r-devel-linux-x86_64-fedora-clang | 0.0.4 | 239.02 | OK | |||
r-devel-linux-x86_64-fedora-gcc | 0.0.4 | 238.30 | OK | |||
r-devel-windows-x86_64 | 0.0.4 | 20.00 | 132.00 | 152.00 | OK | |
r-patched-linux-x86_64 | 0.0.4 | 18.14 | 129.85 | 147.99 | OK | |
r-release-linux-x86_64 | 0.0.4 | 16.29 | 129.75 | 146.04 | OK | |
r-release-macos-arm64 | 0.0.4 | 84.00 | OK | |||
r-release-macos-x86_64 | 0.0.4 | 118.00 | OK | |||
r-release-windows-x86_64 | 0.0.4 | 17.00 | 134.00 | 151.00 | OK | |
r-oldrel-macos-arm64 | 0.0.4 | 62.00 | OK | |||
r-oldrel-macos-x86_64 | 0.0.4 | 89.00 | OK | |||
r-oldrel-windows-x86_64 | 0.0.4 | 24.00 | 173.00 | 197.00 | OK |
Version: 0.0.4
Check: CRAN incoming feasibility
Result: NOTE
Maintainer: ‘Xu Qin <xuqin@pitt.edu>’
No Authors@R field in DESCRIPTION.
Please add one, modifying
Authors@R: c(person(given = "Xu",
family = "Qin",
role = c("aut", "cre"),
email = "xuqin@pitt.edu"),
person(given = "Guanglei",
family = "Hong",
role = "aut"),
person(given = "Jonah",
family = "Deutsch",
role = "aut"),
person(given = "Edward",
family = "Bein",
role = "aut"))
as necessary.
Flavors: r-devel-linux-x86_64-debian-clang, r-devel-linux-x86_64-debian-gcc