Last updated on 2025-10-31 15:48:46 CET.
| Flavor | Version | Tinstall | Tcheck | Ttotal | Status | Flags | 
|---|---|---|---|---|---|---|
| r-devel-linux-x86_64-debian-clang | 0.1.0 | 1.08 | 29.66 | 30.74 | NOTE | |
| r-devel-linux-x86_64-debian-gcc | 0.1.0 | 1.38 | 24.14 | 25.52 | NOTE | |
| r-devel-linux-x86_64-fedora-clang | 0.1.0 | 46.76 | OK | |||
| r-devel-linux-x86_64-fedora-gcc | 0.1.0 | 59.62 | OK | |||
| r-devel-windows-x86_64 | 0.1.0 | 3.00 | 50.00 | 53.00 | OK | |
| r-patched-linux-x86_64 | 0.1.0 | 1.86 | 28.03 | 29.89 | OK | |
| r-release-linux-x86_64 | 0.1.0 | 1.67 | 27.82 | 29.49 | OK | |
| r-release-macos-arm64 | 0.1.0 | 1.00 | 27.00 | 28.00 | OK | |
| r-release-macos-x86_64 | 0.1.0 | 2.00 | 46.00 | 48.00 | OK | |
| r-release-windows-x86_64 | 0.1.0 | 3.00 | 55.00 | 58.00 | OK | |
| r-oldrel-macos-arm64 | 0.1.0 | 1.00 | 23.00 | 24.00 | OK | |
| r-oldrel-macos-x86_64 | 0.1.0 | 2.00 | 35.00 | 37.00 | OK | |
| r-oldrel-windows-x86_64 | 0.1.0 | 5.00 | 60.00 | 65.00 | OK | 
Version: 0.1.0
Check: CRAN incoming feasibility
Result: NOTE
  Maintainer: ‘Xinyong Tian <xinyongtian@gmail.com>’
  
  No Authors@R field in DESCRIPTION.
  Please add one, modifying
    Authors@R: person(given = "Xinyong",
                      family = "Tian",
                      role = c("aut", "cre"),
                      email = "xinyongtian@gmail.com")
  as necessary.
Flavors: r-devel-linux-x86_64-debian-clang, r-devel-linux-x86_64-debian-gcc