CRAN Package Check Results for Package MetaCycle

Last updated on 2025-11-21 14:49:49 CET.

Flavor Version Tinstall Tcheck Ttotal Status Flags
r-devel-linux-x86_64-debian-clang 1.2.0 7.32 80.42 87.74 NOTE
r-devel-linux-x86_64-debian-gcc 1.2.0 6.40 58.08 64.48 NOTE
r-devel-linux-x86_64-fedora-clang 1.2.0 18.00 122.60 140.60 NOTE
r-devel-windows-x86_64 1.2.0 10.00 82.00 92.00 OK
r-patched-linux-x86_64 1.2.0 8.24 74.82 83.06 NOTE
r-release-linux-x86_64 1.2.0 9.12 75.78 84.90 NOTE
r-release-macos-arm64 1.2.0 OK
r-release-macos-x86_64 1.2.0 8.00 78.00 86.00 OK
r-release-windows-x86_64 1.2.0 10.00 81.00 91.00 OK
r-oldrel-macos-arm64 1.2.0 OK
r-oldrel-macos-x86_64 1.2.0 8.00 62.00 70.00 OK
r-oldrel-windows-x86_64 1.2.0 14.00 103.00 117.00 OK

Check Details

Version: 1.2.0
Check: for non-standard things in the check directory
Result: NOTE Found the following files/directories: ‘cycHumanBloodData.csv’ ‘cycHumanBloodDesign.csv’ ‘cycMouseLiverProtein.txt’ ‘cycMouseLiverRNA.csv’ ‘cycSimu4h2d.csv’ ‘cycYeastCycle.csv’ ‘example’ Flavors: r-devel-linux-x86_64-debian-clang, r-devel-linux-x86_64-debian-gcc, r-devel-linux-x86_64-fedora-clang, r-patched-linux-x86_64, r-release-linux-x86_64