Last updated on 2025-05-02 20:50:46 CEST.
Flavor | Version | Tinstall | Tcheck | Ttotal | Status | Flags |
---|---|---|---|---|---|---|
r-devel-linux-x86_64-debian-clang | 1.0.8 | 7.80 | 64.85 | 72.65 | NOTE | |
r-devel-linux-x86_64-debian-gcc | 1.0.8 | 6.68 | 45.81 | 52.49 | NOTE | |
r-devel-linux-x86_64-fedora-clang | 1.0.8 | 117.69 | OK | |||
r-devel-linux-x86_64-fedora-gcc | 1.0.8 | 128.43 | OK | |||
r-devel-windows-x86_64 | 1.0.8 | 10.00 | 82.00 | 92.00 | OK | |
r-patched-linux-x86_64 | 1.0.8 | 9.16 | 60.47 | 69.63 | OK | |
r-release-linux-x86_64 | OK | |||||
r-release-macos-arm64 | 1.0.8 | 46.00 | OK | |||
r-release-macos-x86_64 | 1.0.8 | 78.00 | OK | |||
r-release-windows-x86_64 | 1.0.8 | 11.00 | 81.00 | 92.00 | OK | |
r-oldrel-macos-arm64 | 1.0.8 | 40.00 | OK | |||
r-oldrel-macos-x86_64 | 1.0.8 | 62.00 | OK | |||
r-oldrel-windows-x86_64 | 1.0.8 | 14.00 | 98.00 | 112.00 | OK |
Version: 1.0.8
Check: CRAN incoming feasibility
Result: NOTE
Maintainer: ‘Gautier Paux <gautier@paux.fr>’
No Authors@R field in DESCRIPTION.
Please add one, modifying
Authors@R: c(person(given = "Gautier",
family = "Paux",
role = c("aut", "cre"),
email = "gautier@paux.fr"),
person(given = "Alex",
family = "Dmitrienko.",
role = "aut"))
as necessary.
Found the following (possibly) invalid file URI:
URI: CaseStudy02
From: inst/doc/case-studies.html
Flavors: r-devel-linux-x86_64-debian-clang, r-devel-linux-x86_64-debian-gcc