Last updated on 2025-05-10 21:50:12 CEST.
Flavor | Version | Tinstall | Tcheck | Ttotal | Status | Flags |
---|---|---|---|---|---|---|
r-devel-linux-x86_64-debian-clang | 0.3 | 5.68 | 66.60 | 72.28 | NOTE | |
r-devel-linux-x86_64-debian-gcc | 0.3 | 3.89 | 48.00 | 51.89 | NOTE | |
r-devel-linux-x86_64-fedora-clang | 0.3 | 101.65 | OK | |||
r-devel-linux-x86_64-fedora-gcc | 0.3 | 124.38 | OK | |||
r-devel-windows-x86_64 | 0.3 | 7.00 | 116.00 | 123.00 | OK | |
r-patched-linux-x86_64 | 0.3 | 5.21 | 61.78 | 66.99 | OK | |
r-release-linux-x86_64 | 0.3 | 5.66 | 62.02 | 67.68 | OK | |
r-release-macos-arm64 | 0.3 | 41.00 | OK | |||
r-release-macos-x86_64 | 0.3 | 79.00 | OK | |||
r-release-windows-x86_64 | 0.3 | 7.00 | 117.00 | 124.00 | OK | |
r-oldrel-macos-arm64 | 0.3 | 43.00 | OK | |||
r-oldrel-macos-x86_64 | 0.3 | 66.00 | OK | |||
r-oldrel-windows-x86_64 | 0.3 | 9.00 | 121.00 | 130.00 | OK |
Version: 0.3
Check: CRAN incoming feasibility
Result: NOTE
Maintainer: ‘Christopher R John <chris.r.john86@gmail.com>’
No Authors@R field in DESCRIPTION.
Please add one, modifying
Authors@R: person(given = c("Christopher", "R"),
family = "John",
role = c("aut", "cre"),
email = "chris.r.john86@gmail.com")
as necessary.
Flavors: r-devel-linux-x86_64-debian-clang, r-devel-linux-x86_64-debian-gcc