Last updated on 2025-05-08 10:52:45 CEST.
Flavor | Version | Tinstall | Tcheck | Ttotal | Status | Flags |
---|---|---|---|---|---|---|
r-devel-linux-x86_64-debian-clang | 1.0 | 29.62 | 31.96 | 61.58 | NOTE | |
r-devel-linux-x86_64-debian-gcc | 1.0 | 23.58 | 24.22 | 47.80 | NOTE | |
r-devel-linux-x86_64-fedora-clang | 1.0 | 111.81 | OK | |||
r-devel-linux-x86_64-fedora-gcc | 1.0 | 120.20 | OK | |||
r-devel-windows-x86_64 | 1.0 | 36.00 | 73.00 | 109.00 | OK | |
r-patched-linux-x86_64 | 1.0 | 29.60 | 33.00 | 62.60 | OK | |
r-release-linux-x86_64 | 1.0 | 30.61 | 34.35 | 64.96 | OK | |
r-release-macos-arm64 | 1.0 | 32.00 | OK | |||
r-release-macos-x86_64 | 1.0 | 55.00 | OK | |||
r-release-windows-x86_64 | 1.0 | 36.00 | 77.00 | 113.00 | OK | |
r-oldrel-macos-arm64 | 1.0 | 31.00 | OK | |||
r-oldrel-macos-x86_64 | 1.0 | 44.00 | OK | |||
r-oldrel-windows-x86_64 | 1.0 | 40.00 | 82.00 | 122.00 | OK |
Version: 1.0
Check: CRAN incoming feasibility
Result: NOTE
Maintainer: ‘Kuo-Jung Lee <kuojunglee@mail.ncku.edu.tw>’
No Authors@R field in DESCRIPTION.
Please add one, modifying
Authors@R: person(given = "Kuo-Jung",
family = "Lee",
role = c("aut", "cre"),
email = "kuojunglee@mail.ncku.edu.tw")
as necessary.
Flavors: r-devel-linux-x86_64-debian-clang, r-devel-linux-x86_64-debian-gcc