Last updated on 2025-11-02 21:49:42 CET.
| Flavor | Version | Tinstall | Tcheck | Ttotal | Status | Flags |
|---|---|---|---|---|---|---|
| r-devel-linux-x86_64-debian-clang | 3.0 | 2.70 | 26.23 | 28.93 | NOTE | |
| r-devel-linux-x86_64-debian-gcc | 3.0 | 1.92 | 20.74 | 22.66 | NOTE | |
| r-devel-linux-x86_64-fedora-clang | 3.0 | 46.13 | OK | |||
| r-devel-linux-x86_64-fedora-gcc | 3.0 | 15.00 | 28.21 | 43.21 | OK | |
| r-devel-windows-x86_64 | 3.0 | 3.00 | 43.00 | 46.00 | OK | |
| r-patched-linux-x86_64 | 3.0 | 2.63 | 24.67 | 27.30 | OK | |
| r-release-linux-x86_64 | 3.0 | 2.65 | 24.74 | 27.39 | OK | |
| r-release-macos-arm64 | 3.0 | 2.00 | 25.00 | 27.00 | OK | |
| r-release-macos-x86_64 | 3.0 | 2.00 | 28.00 | 30.00 | OK | |
| r-release-windows-x86_64 | 3.0 | 3.00 | 42.00 | 45.00 | OK | |
| r-oldrel-macos-arm64 | 3.0 | 1.00 | 15.00 | 16.00 | NOTE | |
| r-oldrel-macos-x86_64 | 3.0 | 2.00 | 22.00 | 24.00 | NOTE | |
| r-oldrel-windows-x86_64 | 3.0 | 4.00 | 49.00 | 53.00 | NOTE |
Version: 3.0
Check: CRAN incoming feasibility
Result: NOTE
Maintainer: ‘Martin Wiegand <Martin.Wiegand@manchester.ac.uk>’
No Authors@R field in DESCRIPTION.
Please add one, modifying
Authors@R: c(person(given = "Martin",
family = "Wiegand",
role = c("aut", "cre"),
email = "martin.wiegand@manchester.ac.uk"),
person(given = "Saralees",
family = "Nadarajah",
role = "aut"))
as necessary.
Flavors: r-devel-linux-x86_64-debian-clang, r-devel-linux-x86_64-debian-gcc
Version: 3.0
Check: LazyData
Result: NOTE
'LazyData' is specified without a 'data' directory
Flavors: r-oldrel-macos-arm64, r-oldrel-macos-x86_64, r-oldrel-windows-x86_64