Last updated on 2025-05-10 19:51:00 CEST.
Flavor | Version | Tinstall | Tcheck | Ttotal | Status | Flags |
---|---|---|---|---|---|---|
r-devel-linux-x86_64-debian-clang | 0.16.3 | 6.85 | 73.28 | 80.13 | OK | |
r-devel-linux-x86_64-debian-gcc | 0.16.3 | 3.98 | 53.17 | 57.15 | OK | |
r-devel-linux-x86_64-fedora-clang | 0.16.3 | 118.58 | OK | |||
r-devel-linux-x86_64-fedora-gcc | 0.16.3 | 127.21 | OK | |||
r-devel-windows-x86_64 | 0.16.3 | 7.00 | 83.00 | 90.00 | OK | |
r-patched-linux-x86_64 | 0.16.3 | 6.72 | 69.83 | 76.55 | OK | |
r-release-linux-x86_64 | 0.16.3 | 6.10 | 70.00 | 76.10 | OK | |
r-release-macos-arm64 | 0.16.3 | 47.00 | OK | |||
r-release-macos-x86_64 | 0.16.3 | 111.00 | OK | |||
r-release-windows-x86_64 | 0.16.3 | 7.00 | 86.00 | 93.00 | OK | |
r-oldrel-macos-arm64 | 0.16.3 | 42.00 | NOTE | |||
r-oldrel-macos-x86_64 | 0.16.3 | 94.00 | NOTE | |||
r-oldrel-windows-x86_64 | 0.16.3 | 10.00 | 106.00 | 116.00 | NOTE |
Version: 0.16.3
Check: package dependencies
Result: NOTE
Package suggested but not available for checking: ‘cmdstanr’
Flavors: r-oldrel-macos-arm64, r-oldrel-macos-x86_64, r-oldrel-windows-x86_64