Last updated on 2025-11-01 07:48:43 CET.
| Flavor | Version | Tinstall | Tcheck | Ttotal | Status | Flags |
|---|---|---|---|---|---|---|
| r-devel-linux-x86_64-debian-clang | 1.3 | 19.25 | 94.54 | 113.79 | OK | |
| r-devel-linux-x86_64-debian-gcc | 1.3 | 14.16 | 66.04 | 80.20 | OK | |
| r-devel-linux-x86_64-fedora-clang | 1.3 | 122.00 | 67.63 | 189.63 | NOTE | |
| r-devel-linux-x86_64-fedora-gcc | 1.3 | 90.00 | 88.55 | 178.55 | NOTE | |
| r-devel-windows-x86_64 | 1.3 | 25.00 | 115.00 | 140.00 | OK | |
| r-patched-linux-x86_64 | 1.3 | 19.16 | 88.06 | 107.22 | OK | |
| r-release-linux-x86_64 | 1.3 | 17.16 | 89.06 | 106.22 | OK | |
| r-release-macos-arm64 | 1.3 | 9.00 | 40.00 | 49.00 | OK | |
| r-release-macos-x86_64 | 1.3 | 17.00 | 85.00 | 102.00 | OK | |
| r-release-windows-x86_64 | 1.3 | 24.00 | 119.00 | 143.00 | OK | |
| r-oldrel-macos-arm64 | 1.3 | 9.00 | 44.00 | 53.00 | OK | |
| r-oldrel-macos-x86_64 | 1.3 | 17.00 | 81.00 | 98.00 | OK | |
| r-oldrel-windows-x86_64 | 1.3 | 31.00 | 154.00 | 185.00 | OK |
Version: 1.3
Check: dependencies in R code
Result: NOTE
Namespaces in Imports field not imported from:
‘MASS’ ‘Rdpack’ ‘copula’ ‘missMethods’
All declared Imports should be used.
Flavors: r-devel-linux-x86_64-fedora-clang, r-devel-linux-x86_64-fedora-gcc