CRAN Package Check Results for Package LipidMS

Last updated on 2025-05-10 15:53:17 CEST.

Flavor Version Tinstall Tcheck Ttotal Status Flags
r-devel-linux-x86_64-debian-clang 3.0.5 25.33 127.10 152.43 NOTE
r-devel-linux-x86_64-debian-gcc 3.0.5 18.17 84.50 102.67 NOTE
r-devel-linux-x86_64-fedora-clang 3.0.5 237.59 OK
r-devel-linux-x86_64-fedora-gcc 3.0.5 252.00 OK
r-devel-windows-x86_64 3.0.5 33.00 158.00 191.00 OK
r-patched-linux-x86_64 3.0.5 26.23 121.02 147.25 OK
r-release-linux-x86_64 3.0.5 24.58 120.69 145.27 OK
r-release-macos-arm64 3.0.5 79.00 OK
r-release-macos-x86_64 3.0.5 122.00 OK
r-release-windows-x86_64 3.0.5 32.00 160.00 192.00 OK
r-oldrel-macos-arm64 3.0.5 65.00 OK
r-oldrel-macos-x86_64 3.0.5 100.00 OK
r-oldrel-windows-x86_64 3.0.5 39.00 193.00 232.00 OK

Additional issues

rchk

Check Details

Version: 3.0.5
Check: CRAN incoming feasibility
Result: NOTE Maintainer: ‘M Isabel Alcoriza-Balaguer <maribel_alcoriza@iislafe.es>’ No Authors@R field in DESCRIPTION. Please add one, modifying Authors@R: person(given = c("M", "Isabel"), family = "Alcoriza-Balaguer", role = c("aut", "cre"), email = "maribel_alcoriza@iislafe.es") as necessary. Flavors: r-devel-linux-x86_64-debian-clang, r-devel-linux-x86_64-debian-gcc