Last updated on 2025-05-09 14:51:52 CEST.
Flavor | Version | Tinstall | Tcheck | Ttotal | Status | Flags |
---|---|---|---|---|---|---|
r-devel-linux-x86_64-debian-clang | 1.1.5 | 24.25 | 73.05 | 97.30 | NOTE | |
r-devel-linux-x86_64-debian-gcc | 1.1.5 | 17.54 | 51.15 | 68.69 | NOTE | |
r-devel-linux-x86_64-fedora-clang | 1.1.5 | 165.93 | NOTE | |||
r-devel-linux-x86_64-fedora-gcc | 1.1.5 | 183.42 | NOTE | |||
r-devel-windows-x86_64 | 1.1.5 | 29.00 | 106.00 | 135.00 | NOTE | |
r-patched-linux-x86_64 | 1.1.5 | 24.94 | 64.85 | 89.79 | NOTE | |
r-release-linux-x86_64 | 1.1.5 | 24.51 | 63.98 | 88.49 | NOTE | |
r-release-macos-arm64 | 1.1.5 | 63.00 | NOTE | |||
r-release-macos-x86_64 | 1.1.5 | 103.00 | NOTE | |||
r-release-windows-x86_64 | 1.1.5 | 30.00 | 108.00 | 138.00 | NOTE | |
r-oldrel-macos-arm64 | 1.1.5 | 49.00 | NOTE | |||
r-oldrel-macos-x86_64 | 1.1.5 | 86.00 | NOTE | |||
r-oldrel-windows-x86_64 | 1.1.5 | 37.00 | 131.00 | 168.00 | NOTE |
Version: 1.1.5
Check: C++ specification
Result: NOTE
Specified C++11: please drop specification unless essential
Flavors: r-devel-linux-x86_64-debian-clang, r-devel-linux-x86_64-debian-gcc, r-devel-linux-x86_64-fedora-clang, r-devel-linux-x86_64-fedora-gcc, r-devel-windows-x86_64, r-patched-linux-x86_64, r-release-linux-x86_64, r-release-macos-arm64, r-release-macos-x86_64, r-release-windows-x86_64, r-oldrel-macos-arm64, r-oldrel-macos-x86_64, r-oldrel-windows-x86_64
Version: 1.1.5
Check: DESCRIPTION meta-information
Result: NOTE
Author field differs from that derived from Authors@R
Author: ‘Lampros Mouselimis [aut, cre] (<https://orcid.org/0000-0002-8024-1546>), Matthew Parks [ctb] (Github Contributor)’
Authors@R: ‘Lampros Mouselimis [aut, cre] (ORCID: <https://orcid.org/0000-0002-8024-1546>), Matthew Parks [ctb] (Github: Github Contributor)’
Flavors: r-devel-linux-x86_64-debian-clang, r-devel-linux-x86_64-debian-gcc