Last updated on 2025-10-31 22:50:01 CET.
| Flavor | Version | Tinstall | Tcheck | Ttotal | Status | Flags | 
|---|---|---|---|---|---|---|
| r-devel-linux-x86_64-debian-clang | 1.0.0 | 2.84 | 54.45 | 57.29 | NOTE | |
| r-devel-linux-x86_64-debian-gcc | 1.0.0 | 2.12 | 38.50 | 40.62 | NOTE | |
| r-devel-linux-x86_64-fedora-clang | 1.0.0 | 11.00 | 81.72 | 92.72 | OK | |
| r-devel-linux-x86_64-fedora-gcc | 1.0.0 | 95.09 | OK | |||
| r-devel-windows-x86_64 | 1.0.0 | 5.00 | 72.00 | 77.00 | OK | |
| r-patched-linux-x86_64 | 1.0.0 | 3.30 | 50.27 | 53.57 | OK | |
| r-release-linux-x86_64 | 1.0.0 | 2.79 | 50.51 | 53.30 | OK | |
| r-release-macos-arm64 | 1.0.0 | 2.00 | 47.00 | 49.00 | OK | |
| r-release-macos-x86_64 | 1.0.0 | 3.00 | 66.00 | 69.00 | OK | |
| r-release-windows-x86_64 | 1.0.0 | 4.00 | 71.00 | 75.00 | OK | |
| r-oldrel-macos-arm64 | 1.0.0 | 2.00 | 30.00 | 32.00 | OK | |
| r-oldrel-macos-x86_64 | 1.0.0 | 2.00 | 46.00 | 48.00 | OK | |
| r-oldrel-windows-x86_64 | 1.0.0 | 6.00 | 88.00 | 94.00 | OK | 
Version: 1.0.0
Check: CRAN incoming feasibility
Result: NOTE
  Maintainer: ‘Pavel Linhart <pavel.linhart@centrum.cz>’
  
  Package CITATION file contains call(s) to old-style personList() or
  as.personList().  Please use c() on person objects instead.
  Package CITATION file contains call(s) to old-style citEntry().  Please
  use bibentry() instead.
Flavors: r-devel-linux-x86_64-debian-clang, r-devel-linux-x86_64-debian-gcc