CRAN Package Check Results for Package HaDeX

Last updated on 2025-05-10 16:52:19 CEST.

Flavor Version Tinstall Tcheck Ttotal Status Flags
r-devel-linux-x86_64-debian-clang 1.2.2 9.37 150.66 160.03 NOTE
r-devel-linux-x86_64-debian-gcc 1.2.2 5.74 103.30 109.04 NOTE
r-devel-linux-x86_64-fedora-clang 1.2.2 220.00 NOTE
r-devel-linux-x86_64-fedora-gcc 1.2.2 234.52 NOTE
r-devel-windows-x86_64 1.2.2 11.00 131.00 142.00 NOTE
r-patched-linux-x86_64 1.2.2 9.49 139.15 148.64 NOTE
r-release-linux-x86_64 1.2.2 8.18 136.11 144.29 NOTE
r-release-macos-arm64 1.2.2 69.00 OK
r-release-macos-x86_64 1.2.2 125.00 OK
r-release-windows-x86_64 1.2.2 12.00 133.00 145.00 NOTE
r-oldrel-macos-arm64 1.2.2 68.00 NOTE
r-oldrel-macos-x86_64 1.2.2 116.00 NOTE
r-oldrel-windows-x86_64 1.2.2 14.00 170.00 184.00 NOTE

Check Details

Version: 1.2.2
Check: Rd cross-references
Result: NOTE Found the following Rd file(s) with Rd \link{} targets missing package anchors: plot_kinetics.Rd: bind_rows Please provide package anchors for all Rd \link{} targets not in the package itself and the base packages. Flavors: r-devel-linux-x86_64-debian-clang, r-devel-linux-x86_64-debian-gcc, r-devel-windows-x86_64, r-patched-linux-x86_64, r-release-linux-x86_64, r-release-windows-x86_64

Version: 1.2.2
Check: dependencies in R code
Result: NOTE Namespaces in Imports field not imported from: ‘DT’ ‘gsubfn’ ‘stringr’ All declared Imports should be used. Flavors: r-devel-linux-x86_64-fedora-clang, r-devel-linux-x86_64-fedora-gcc

Version: 1.2.2
Check: installed package size
Result: NOTE installed size is 8.2Mb sub-directories of 1Mb or more: HaDeX 4.0Mb doc 4.0Mb Flavors: r-oldrel-macos-arm64, r-oldrel-macos-x86_64, r-oldrel-windows-x86_64