CRAN Package Check Results for Package HMMextra0s

Last updated on 2025-10-08 16:48:56 CEST.

Flavor Version Tinstall Tcheck Ttotal Status Flags
r-devel-linux-x86_64-debian-clang 1.1.0 4.40 34.31 38.71 NOTE
r-devel-linux-x86_64-debian-gcc 1.1.0 3.08 25.58 28.66 NOTE
r-devel-linux-x86_64-fedora-clang 1.1.0 57.95 OK
r-devel-linux-x86_64-fedora-gcc 1.1.0 53.67 OK
r-devel-windows-x86_64 1.1.0 8.00 57.00 65.00 OK
r-patched-linux-x86_64 1.1.0 3.96 32.52 36.48 OK
r-release-linux-x86_64 1.1.0 3.68 32.33 36.01 OK
r-release-macos-arm64 1.1.0 20.00 OK
r-release-macos-x86_64 1.1.0 34.00 OK
r-release-windows-x86_64 1.1.0 7.00 58.00 65.00 OK
r-oldrel-macos-arm64 1.1.0 20.00 OK
r-oldrel-macos-x86_64 1.1.0 32.00 OK
r-oldrel-windows-x86_64 1.1.0 8.00 62.00 70.00 OK

Check Details

Version: 1.1.0
Check: CRAN incoming feasibility
Result: NOTE Maintainer: ‘Ting Wang <ting.wang@otago.ac.nz>’ No Authors@R field in DESCRIPTION. Please add one, modifying Authors@R: c(person(given = "Ting", family = "Wang", role = c("aut", "cre"), email = "ting.wang@otago.ac.nz"), person(given = "Wolfgang", family = "Hayek", role = "aut"), person(given = "Alexander", family = "Pletzer", role = "aut")) as necessary. Flavors: r-devel-linux-x86_64-debian-clang, r-devel-linux-x86_64-debian-gcc