Last updated on 2025-05-10 08:50:39 CEST.
Flavor | Version | Tinstall | Tcheck | Ttotal | Status | Flags |
---|---|---|---|---|---|---|
r-devel-linux-x86_64-debian-clang | 0.1.0.1 | 17.22 | 52.38 | 69.60 | OK | |
r-devel-linux-x86_64-debian-gcc | 0.1.0.1 | 12.84 | 41.58 | 54.42 | OK | |
r-devel-linux-x86_64-fedora-clang | 0.1.0.1 | 119.06 | OK | |||
r-devel-linux-x86_64-fedora-gcc | 0.1.0.1 | 126.79 | WARN | |||
r-devel-windows-x86_64 | 0.1.0.1 | 22.00 | 82.00 | 104.00 | OK | |
r-patched-linux-x86_64 | 0.1.0.1 | 16.19 | 49.62 | 65.81 | OK | |
r-release-linux-x86_64 | 0.1.0.1 | 17.09 | 49.58 | 66.67 | OK | |
r-release-macos-arm64 | 0.1.0.1 | 45.00 | OK | |||
r-release-macos-x86_64 | 0.1.0.1 | 77.00 | OK | |||
r-release-windows-x86_64 | 0.1.0.1 | 21.00 | 85.00 | 106.00 | OK | |
r-oldrel-macos-arm64 | 0.1.0.1 | 53.00 | OK | |||
r-oldrel-macos-x86_64 | 0.1.0.1 | 76.00 | OK | |||
r-oldrel-windows-x86_64 | 0.1.0.1 | 25.00 | 98.00 | 123.00 | OK |
Version: 0.1.0.1
Check: whether package can be installed
Result: WARN
Found the following significant warnings:
Joint_Grid.cpp:125:56: warning: ignoring return value of 'constexpr __gnu_cxx::__normal_iterator<_Iterator, _Container>::reference __gnu_cxx::__normal_iterator<_Iterator, _Container>::operator*() const [with _Iterator = double*; _Container = std::vector<double>; reference = double&]', declared with attribute 'nodiscard' [-Wunused-result]
Joint_Grid.cpp:125:69: warning: ignoring return value of 'constexpr __gnu_cxx::__normal_iterator<_Iterator, _Container>::reference __gnu_cxx::__normal_iterator<_Iterator, _Container>::operator*() const [with _Iterator = double*; _Container = std::vector<double>; reference = double&]', declared with attribute 'nodiscard' [-Wunused-result]
Joint_Grid.cpp:125:82: warning: ignoring return value of 'constexpr __gnu_cxx::__normal_iterator<_Iterator, _Container>::reference __gnu_cxx::__normal_iterator<_Iterator, _Container>::operator*() const [with _Iterator = double*; _Container = std::vector<double>; reference = double&]', declared with attribute 'nodiscard' [-Wunused-result]
See ‘/data/gannet/ripley/R/packages/tests-devel/GridOnClusters.Rcheck/00install.out’ for details.
* used C++ compiler: ‘g++-15 (GCC) 15.1.0’
Flavor: r-devel-linux-x86_64-fedora-gcc