Last updated on 2025-10-31 22:49:59 CET.
| Flavor | Version | Tinstall | Tcheck | Ttotal | Status | Flags | 
|---|---|---|---|---|---|---|
| r-devel-linux-x86_64-debian-clang | 6.0 | 2.67 | 26.94 | 29.61 | NOTE | |
| r-devel-linux-x86_64-debian-gcc | 6.0 | 1.68 | 21.08 | 22.76 | NOTE | |
| r-devel-linux-x86_64-fedora-clang | 6.0 | 42.32 | OK | |||
| r-devel-linux-x86_64-fedora-gcc | 6.0 | 41.53 | OK | |||
| r-devel-windows-x86_64 | 6.0 | 4.00 | 49.00 | 53.00 | OK | |
| r-patched-linux-x86_64 | 6.0 | 2.83 | 24.99 | 27.82 | OK | |
| r-release-linux-x86_64 | 6.0 | 2.63 | 24.91 | 27.54 | OK | |
| r-release-macos-arm64 | 6.0 | 2.00 | 19.00 | 21.00 | OK | |
| r-release-macos-x86_64 | 6.0 | 3.00 | 29.00 | 32.00 | OK | |
| r-release-windows-x86_64 | 6.0 | 5.00 | 50.00 | 55.00 | OK | |
| r-oldrel-macos-arm64 | 6.0 | 1.00 | 17.00 | 18.00 | OK | |
| r-oldrel-macos-x86_64 | 6.0 | 2.00 | 24.00 | 26.00 | OK | |
| r-oldrel-windows-x86_64 | 6.0 | 5.00 | 54.00 | 59.00 | OK | 
Version: 6.0
Check: CRAN incoming feasibility
Result: NOTE
  Maintainer: ‘Annarosa Quarello <quarello.annarosa@gmail.com>’
  
  No Authors@R field in DESCRIPTION.
  Please add one, modifying
    Authors@R: c(person(given = "Annarosa",
                        family = "Quarello",
                        role = c("aut", "cre"),
                        email = "quarello.annarosa@gmail.com"),
                 person(given = "Emilie",
                        family = "Lebarbier",
                        role = "aut"),
                 person(given = "Olivier",
                        family = "Bock",
                        role = "aut"))
  as necessary.
  
  The Description field contains
    <arXiv:2005.04683>.
  Please refer to arXiv e-prints via their arXiv DOI <doi:10.48550/arXiv.YYMM.NNNNN>.
Flavors: r-devel-linux-x86_64-debian-clang, r-devel-linux-x86_64-debian-gcc