CRAN Package Check Results for Package GMMBoost

Last updated on 2025-07-16 23:49:16 CEST.

Flavor Version Tinstall Tcheck Ttotal Status Flags
r-devel-linux-x86_64-debian-clang 1.1.5 12.58 64.69 77.27 NOTE
r-devel-linux-x86_64-debian-gcc 1.1.5 7.43 45.10 52.53 NOTE
r-devel-linux-x86_64-fedora-clang 1.1.5 121.21 OK
r-devel-linux-x86_64-fedora-gcc 1.1.5 116.98 OK
r-devel-windows-x86_64 1.1.5 13.00 74.00 87.00 OK
r-patched-linux-x86_64 1.1.5 12.58 63.21 75.79 OK
r-release-linux-x86_64 1.1.5 11.45 63.23 74.68 OK
r-release-macos-arm64 1.1.5 32.00 OK
r-release-macos-x86_64 1.1.5 63.00 OK
r-release-windows-x86_64 1.1.5 13.00 74.00 87.00 OK
r-oldrel-macos-arm64 1.1.5 30.00 OK
r-oldrel-macos-x86_64 1.1.5 59.00 OK
r-oldrel-windows-x86_64 1.1.5 19.00 88.00 107.00 OK

Check Details

Version: 1.1.5
Check: CRAN incoming feasibility
Result: NOTE Maintainer: ‘Andreas Groll <groll@mathematik.uni-muenchen.de>’ No Authors@R field in DESCRIPTION. Please add one, modifying Authors@R: person(given = "Andreas", family = "Groll", role = c("aut", "cre"), email = "groll@mathematik.uni-muenchen.de") as necessary. Flavors: r-devel-linux-x86_64-debian-clang, r-devel-linux-x86_64-debian-gcc