Last updated on 2025-05-11 19:50:16 CEST.
Flavor | Version | Tinstall | Tcheck | Ttotal | Status | Flags |
---|---|---|---|---|---|---|
r-devel-linux-x86_64-debian-clang | 0.5.4 | 16.82 | 90.45 | 107.27 | NOTE | |
r-devel-linux-x86_64-debian-gcc | 0.5.4 | 12.31 | 64.51 | 76.82 | NOTE | |
r-devel-linux-x86_64-fedora-clang | 0.5.4 | 175.30 | OK | |||
r-devel-linux-x86_64-fedora-gcc | 0.5.4 | 182.22 | OK | |||
r-devel-windows-x86_64 | 0.5.4 | 21.00 | 119.00 | 140.00 | OK | |
r-patched-linux-x86_64 | 0.5.4 | 17.32 | 86.24 | 103.56 | OK | |
r-release-linux-x86_64 | 0.5.4 | 16.91 | 86.73 | 103.64 | OK | |
r-release-macos-arm64 | 0.5.4 | 67.00 | OK | |||
r-release-macos-x86_64 | 0.5.4 | 109.00 | OK | |||
r-release-windows-x86_64 | 0.5.4 | 22.00 | 117.00 | 139.00 | OK | |
r-oldrel-macos-arm64 | 0.5.4 | 53.00 | OK | |||
r-oldrel-macos-x86_64 | 0.5.4 | 82.00 | OK | |||
r-oldrel-windows-x86_64 | 0.5.4 | 26.00 | 148.00 | 174.00 | OK |
Version: 0.5.4
Check: CRAN incoming feasibility
Result: NOTE
Maintainer: ‘Ryan Sun <ryansun.work@gmail.com>’
The Description field contains
<arXiv:1710.02469> for more details.
Please refer to arXiv e-prints via their arXiv DOI <doi:10.48550/arXiv.YYMM.NNNNN>.
Flavors: r-devel-linux-x86_64-debian-clang, r-devel-linux-x86_64-debian-gcc