Last updated on 2025-10-29 14:51:19 CET.
| Flavor | Version | Tinstall | Tcheck | Ttotal | Status | Flags |
|---|---|---|---|---|---|---|
| r-devel-linux-x86_64-debian-clang | 3.11.0 | 13.52 | 561.02 | 574.54 | OK | |
| r-devel-linux-x86_64-debian-gcc | 3.11.0 | 8.64 | 394.50 | 403.14 | OK | |
| r-devel-linux-x86_64-fedora-clang | 3.12.0 | 29.00 | 893.91 | 922.91 | OK | |
| r-devel-linux-x86_64-fedora-gcc | 98.00 | FAIL | ||||
| r-devel-windows-x86_64 | 3.11.0 | 13.00 | 602.00 | 615.00 | OK | |
| r-patched-linux-x86_64 | 3.11.0 | 13.01 | 541.98 | 554.99 | OK | |
| r-release-linux-x86_64 | 3.11.0 | 11.94 | 553.72 | 565.66 | OK | |
| r-release-macos-arm64 | 3.12.0 | 5.00 | 99.00 | 104.00 | OK | |
| r-release-macos-x86_64 | 3.12.0 | 21.00 | 698.00 | 719.00 | OK | |
| r-release-windows-x86_64 | 3.12.0 | 12.00 | 602.00 | 614.00 | OK | |
| r-oldrel-macos-arm64 | 3.12.0 | 5.00 | 101.00 | 106.00 | OK | |
| r-oldrel-macos-x86_64 | 3.12.0 | 15.00 | 774.00 | 789.00 | OK | |
| r-oldrel-windows-x86_64 | 3.11.0 | 19.00 | 262.00 | 281.00 | OK |
Version: 3.12.0
Check: tests
Result: FAIL
Flavor: r-devel-linux-x86_64-fedora-gcc