Last updated on 2025-05-09 23:51:30 CEST.
Flavor | Version | Tinstall | Tcheck | Ttotal | Status | Flags |
---|---|---|---|---|---|---|
r-devel-linux-x86_64-debian-clang | 2.0.0 | 20.65 | 366.02 | 386.67 | NOTE | |
r-devel-linux-x86_64-debian-gcc | 2.0.0 | 15.72 | 246.95 | 262.67 | NOTE | |
r-devel-linux-x86_64-fedora-clang | 2.0.0 | 590.77 | OK | |||
r-devel-linux-x86_64-fedora-gcc | 2.0.0 | 583.09 | OK | |||
r-devel-windows-x86_64 | 2.0.0 | 23.00 | 342.00 | 365.00 | NOTE | |
r-patched-linux-x86_64 | 2.0.0 | 22.88 | 340.55 | 363.43 | NOTE | |
r-release-linux-x86_64 | 2.0.0 | 21.64 | 341.52 | 363.16 | NOTE | |
r-release-macos-arm64 | 2.0.0 | 172.00 | OK | |||
r-release-macos-x86_64 | 2.0.0 | 426.00 | OK | |||
r-release-windows-x86_64 | 2.0.0 | 22.00 | 346.00 | 368.00 | NOTE | |
r-oldrel-macos-arm64 | 2.0.0 | 178.00 | OK | |||
r-oldrel-macos-x86_64 | 2.0.0 | 243.00 | OK | |||
r-oldrel-windows-x86_64 | 2.0.0 | 31.00 | 457.00 | 488.00 | OK |
Version: 2.0.0
Check: Rd cross-references
Result: NOTE
Found the following Rd file(s) with Rd \link{} targets missing package
anchors:
classtable.Rd: confusionMatrix
Please provide package anchors for all Rd \link{} targets not in the
package itself and the base packages.
Flavors: r-devel-linux-x86_64-debian-clang, r-devel-linux-x86_64-debian-gcc, r-devel-windows-x86_64, r-patched-linux-x86_64, r-release-linux-x86_64, r-release-windows-x86_64