Last updated on 2025-10-31 18:51:04 CET.
| Flavor | Version | Tinstall | Tcheck | Ttotal | Status | Flags | 
|---|---|---|---|---|---|---|
| r-devel-linux-x86_64-debian-clang | 1.0.1 | 2.44 | 25.72 | 28.16 | NOTE | |
| r-devel-linux-x86_64-debian-gcc | 1.0.1 | 1.82 | 20.71 | 22.53 | NOTE | |
| r-devel-linux-x86_64-fedora-clang | 1.0.1 | 39.13 | NOTE | |||
| r-devel-linux-x86_64-fedora-gcc | 1.0.1 | 37.42 | NOTE | |||
| r-devel-windows-x86_64 | 1.0.1 | 7.00 | 42.00 | 49.00 | NOTE | |
| r-patched-linux-x86_64 | 1.0.1 | 2.51 | 23.04 | 25.55 | NOTE | |
| r-release-linux-x86_64 | 1.0.1 | 2.41 | 23.19 | 25.60 | NOTE | |
| r-release-macos-arm64 | 1.0.1 | 2.00 | 19.00 | 21.00 | NOTE | |
| r-release-macos-x86_64 | 1.0.1 | 2.00 | 28.00 | 30.00 | NOTE | |
| r-release-windows-x86_64 | 1.0.1 | 4.00 | 43.00 | 47.00 | NOTE | |
| r-oldrel-macos-arm64 | 1.0.1 | 1.00 | 18.00 | 19.00 | NOTE | |
| r-oldrel-macos-x86_64 | 1.0.1 | 2.00 | 24.00 | 26.00 | NOTE | |
| r-oldrel-windows-x86_64 | 1.0.1 | 4.00 | 50.00 | 54.00 | NOTE | 
Version: 1.0.1
Check: Rd files
Result: NOTE
  checkRd: (-1) p.fdr.Rd:30: Lost braces
      30 | \item{adjust.method}{A string used to identify the p-value and false discovery rate adjustment method. Defaults to \code{BH}. Options are \code{BH}, \code{BY}, code{Bon},\code{Holm}, \code{Hoch}, and \code{Sidak}.}
         |                                                                                                                                                                     ^
Flavors: r-devel-linux-x86_64-debian-clang, r-devel-linux-x86_64-debian-gcc, r-devel-linux-x86_64-fedora-clang, r-devel-linux-x86_64-fedora-gcc, r-devel-windows-x86_64, r-patched-linux-x86_64, r-release-linux-x86_64, r-release-macos-arm64, r-release-macos-x86_64, r-release-windows-x86_64, r-oldrel-macos-arm64, r-oldrel-macos-x86_64, r-oldrel-windows-x86_64