Last updated on 2025-05-09 17:48:58 CEST.
Flavor | Version | Tinstall | Tcheck | Ttotal | Status | Flags |
---|---|---|---|---|---|---|
r-devel-linux-x86_64-debian-clang | 0.7-2 | 5.00 | 62.81 | 67.81 | NOTE | |
r-devel-linux-x86_64-debian-gcc | 0.7-2 | 3.18 | 49.51 | 52.69 | NOTE | |
r-devel-linux-x86_64-fedora-clang | 0.7-2 | 108.38 | OK | |||
r-devel-linux-x86_64-fedora-gcc | 0.7-2 | 117.89 | OK | |||
r-devel-windows-x86_64 | 0.7-2 | 6.00 | 94.00 | 100.00 | OK | |
r-patched-linux-x86_64 | 0.7-2 | 5.37 | 60.55 | 65.92 | OK | |
r-release-linux-x86_64 | 0.7-2 | 4.57 | 59.35 | 63.92 | OK | |
r-release-macos-arm64 | 0.7-2 | 41.00 | OK | |||
r-release-macos-x86_64 | 0.7-2 | 81.00 | OK | |||
r-release-windows-x86_64 | 0.7-2 | 5.00 | 97.00 | 102.00 | OK | |
r-oldrel-macos-arm64 | 0.7-2 | 42.00 | OK | |||
r-oldrel-macos-x86_64 | 0.7-2 | 62.00 | OK | |||
r-oldrel-windows-x86_64 | 0.7-2 | 5.00 | 107.00 | 112.00 | OK |
Version: 0.7-2
Check: CRAN incoming feasibility
Result: NOTE
Maintainer: ‘Oleksii Nikolaienko <oleksii.nikolaienko@gmail.com>’
No Authors@R field in DESCRIPTION.
Please add one, modifying
Authors@R: c(person(given = "Haizhen",
family = "Wu",
role = "aut",
email = "h.wu2@massey.ac.nz"),
person(given = c("A.", "Jonathan", "R."),
family = "Godfrey",
role = "aut",
email = "A.J.Godfrey@massey.ac.nz"),
person(given = "Kondaswamy",
family = "Govindaraju",
role = "aut",
email = "k.govindaraju@massey.ac.nz"),
person(given = "Sarah",
family = "Pirikahu",
role = "aut",
email = "s.pirikahu@massey.ac.nz"),
person(given = "Oleksii",
family = "Nikolaienko",
role = "cre",
email = "oleksii.nikolaienko@gmail.com"))
as necessary.
Flavors: r-devel-linux-x86_64-debian-clang, r-devel-linux-x86_64-debian-gcc