Last updated on 2025-05-10 17:50:31 CEST.
Flavor | Version | Tinstall | Tcheck | Ttotal | Status | Flags |
---|---|---|---|---|---|---|
r-devel-linux-x86_64-debian-clang | 3.0.2 | 13.86 | 42.79 | 56.65 | OK | |
r-devel-linux-x86_64-debian-gcc | 3.0.2 | 9.45 | 33.66 | 43.11 | OK | |
r-devel-linux-x86_64-fedora-clang | 3.0.2 | 102.24 | OK | |||
r-devel-linux-x86_64-fedora-gcc | 3.0.2 | 103.61 | OK | |||
r-devel-windows-x86_64 | 3.0.2 | 17.00 | 73.00 | 90.00 | OK | |
r-patched-linux-x86_64 | 3.0.2 | 13.60 | 40.61 | 54.21 | OK | |
r-release-linux-x86_64 | 3.0.2 | 13.23 | 40.12 | 53.35 | OK | |
r-release-macos-arm64 | 3.0.2 | 69.00 | OK | |||
r-release-macos-x86_64 | 3.0.2 | 91.00 | OK | |||
r-release-windows-x86_64 | 3.0.2 | 17.00 | 73.00 | 90.00 | OK | |
r-oldrel-macos-arm64 | 3.0.2 | 46.00 | OK | |||
r-oldrel-macos-x86_64 | 3.0.2 | 130.00 | OK | |||
r-oldrel-windows-x86_64 | 3.0.2 | 20.00 | 88.00 | 108.00 | NOTE |
Version: 3.0.2
Check: installed package size
Result: NOTE
installed size is 5.1Mb
sub-directories of 1Mb or more:
extdata 4.0Mb
Flavor: r-oldrel-windows-x86_64