Last updated on 2025-10-31 15:48:38 CET.
| Flavor | Version | Tinstall | Tcheck | Ttotal | Status | Flags | 
|---|---|---|---|---|---|---|
| r-devel-linux-x86_64-debian-clang | 1.5.2 | 15.52 | 89.69 | 105.21 | NOTE | |
| r-devel-linux-x86_64-debian-gcc | 1.5.2 | 10.18 | 62.26 | 72.44 | NOTE | |
| r-devel-linux-x86_64-fedora-clang | 1.5.2 | 35.00 | 127.44 | 162.44 | NOTE | |
| r-devel-linux-x86_64-fedora-gcc | 1.5.2 | 56.00 | 113.51 | 169.51 | NOTE | |
| r-devel-windows-x86_64 | 1.5.2 | 15.00 | 88.00 | 103.00 | OK | |
| r-patched-linux-x86_64 | 1.5.2 | 13.10 | 87.24 | 100.34 | OK | |
| r-release-linux-x86_64 | 1.5.2 | 15.13 | 85.36 | 100.49 | OK | |
| r-release-macos-arm64 | 1.5.2 | 8.00 | 43.00 | 51.00 | OK | |
| r-release-macos-x86_64 | 1.5.2 | 22.00 | 90.00 | 112.00 | OK | |
| r-release-windows-x86_64 | 1.5.2 | 16.00 | 93.00 | 109.00 | OK | |
| r-oldrel-macos-arm64 | 1.5.2 | 6.00 | 40.00 | 46.00 | OK | |
| r-oldrel-macos-x86_64 | 1.5.2 | 10.00 | 76.00 | 86.00 | OK | |
| r-oldrel-windows-x86_64 | 1.5.2 | 21.00 | 116.00 | 137.00 | OK | 
Version: 1.5.2
Check: CRAN incoming feasibility
Result: NOTE
  Maintainer: ‘Nicolas Dumoulin <nicolas.dumoulin@inrae.fr>’
  
  No Authors@R field in DESCRIPTION.
  Please add one, modifying
    Authors@R: c(person(given = "Franck",
                        family = "Jabot",
                        role = "aut"),
                 person(given = "Thierry",
                        family = "Faure",
                        role = "aut"),
                 person(given = "Nicolas",
                        family = "Dumoulin",
                        role = c("aut", "cre"),
                        email = "nicolas.dumoulin@inrae.fr"),
                 person(given = "Carlo",
                        family = "Albert.",
                        role = "aut"))
  as necessary.
Flavors: r-devel-linux-x86_64-debian-clang, r-devel-linux-x86_64-debian-gcc
Version: 1.5.2
Check: Rd files
Result: NOTE
  checkRd: (-1) EasyABC-package.Rd:13-20: Only 2 columns allowed in this table (row 1 has 1)
Flavors: r-devel-linux-x86_64-debian-clang, r-devel-linux-x86_64-debian-gcc, r-devel-linux-x86_64-fedora-clang, r-devel-linux-x86_64-fedora-gcc