Last updated on 2025-11-21 02:50:19 CET.
| Flavor | Version | Tinstall | Tcheck | Ttotal | Status | Flags |
|---|---|---|---|---|---|---|
| r-devel-linux-x86_64-debian-clang | 0.2.2 | 30.66 | 55.56 | 86.22 | OK | |
| r-devel-linux-x86_64-debian-gcc | 0.2.2 | 19.63 | 39.43 | 59.06 | OK | |
| r-devel-linux-x86_64-fedora-clang | 0.2.2 | 82.00 | 55.83 | 137.83 | NOTE | |
| r-devel-linux-x86_64-fedora-gcc | 0.2.2 | 71.00 | 52.05 | 123.05 | NOTE | |
| r-devel-windows-x86_64 | 0.2.2 | 36.00 | 71.00 | 107.00 | OK | |
| r-patched-linux-x86_64 | 0.2.2 | 31.03 | 49.54 | 80.57 | OK | |
| r-release-linux-x86_64 | 0.2.2 | 30.49 | 48.65 | 79.14 | OK | |
| r-release-macos-arm64 | 0.2.2 | OK | ||||
| r-release-macos-x86_64 | 0.2.2 | 24.00 | 42.00 | 66.00 | OK | |
| r-release-windows-x86_64 | 0.2.2 | 32.00 | 71.00 | 103.00 | OK | |
| r-oldrel-macos-arm64 | 0.2.2 | OK | ||||
| r-oldrel-macos-x86_64 | 0.2.2 | 24.00 | 39.00 | 63.00 | OK | |
| r-oldrel-windows-x86_64 | 0.2.2 | 44.00 | 88.00 | 132.00 | OK |
Version: 0.2.2
Check: dependencies in R code
Result: NOTE
Namespaces in Imports field not imported from:
‘R6’ ‘dplyr’ ‘ggplot2’ ‘nloptr’
All declared Imports should be used.
Flavors: r-devel-linux-x86_64-fedora-clang, r-devel-linux-x86_64-fedora-gcc