Last updated on 2025-05-09 14:51:47 CEST.
Flavor | Version | Tinstall | Tcheck | Ttotal | Status | Flags |
---|---|---|---|---|---|---|
r-devel-linux-x86_64-debian-clang | 0.2.2 | 30.51 | 49.45 | 79.96 | OK | |
r-devel-linux-x86_64-debian-gcc | 0.2.2 | 18.75 | 34.64 | 53.39 | OK | |
r-devel-linux-x86_64-fedora-clang | 0.2.2 | 128.03 | NOTE | |||
r-devel-linux-x86_64-fedora-gcc | 0.2.2 | 123.50 | NOTE | |||
r-devel-windows-x86_64 | 0.2.2 | 30.00 | 72.00 | 102.00 | OK | |
r-patched-linux-x86_64 | 0.2.2 | 28.18 | 45.90 | 74.08 | OK | |
r-release-linux-x86_64 | 0.2.2 | 30.11 | 45.75 | 75.86 | OK | |
r-release-macos-arm64 | 0.2.2 | 39.00 | OK | |||
r-release-macos-x86_64 | 0.2.2 | 66.00 | OK | |||
r-release-windows-x86_64 | 0.2.2 | 29.00 | 74.00 | 103.00 | OK | |
r-oldrel-macos-arm64 | 0.2.2 | 35.00 | OK | |||
r-oldrel-macos-x86_64 | 0.2.2 | 63.00 | OK | |||
r-oldrel-windows-x86_64 | 0.2.2 | 42.00 | 86.00 | 128.00 | OK |
Version: 0.2.2
Check: dependencies in R code
Result: NOTE
Namespaces in Imports field not imported from:
‘R6’ ‘dplyr’ ‘ggplot2’ ‘nloptr’
All declared Imports should be used.
Flavors: r-devel-linux-x86_64-fedora-clang, r-devel-linux-x86_64-fedora-gcc