CRAN Package Check Results for Package DMTL

Last updated on 2025-05-12 04:51:10 CEST.

Flavor Version Tinstall Tcheck Ttotal Status Flags
r-devel-linux-x86_64-debian-clang 0.1.2 2.20 35.33 37.53 NOTE
r-devel-linux-x86_64-debian-gcc 0.1.2 1.39 28.74 30.13 NOTE
r-devel-linux-x86_64-fedora-clang 0.1.2 63.94 NOTE
r-devel-linux-x86_64-fedora-gcc 0.1.2 63.37 NOTE
r-devel-windows-x86_64 0.1.2 5.00 59.00 64.00 NOTE
r-patched-linux-x86_64 0.1.2 2.36 34.96 37.32 NOTE
r-release-linux-x86_64 0.1.2 2.07 34.63 36.70 NOTE
r-release-macos-arm64 0.1.2 26.00 NOTE
r-release-macos-x86_64 0.1.2 39.00 NOTE
r-release-windows-x86_64 0.1.2 4.00 61.00 65.00 NOTE
r-oldrel-macos-arm64 0.1.2 24.00 NOTE
r-oldrel-macos-x86_64 0.1.2 37.00 NOTE
r-oldrel-windows-x86_64 0.1.2 5.00 69.00 74.00 NOTE

Check Details

Version: 0.1.2
Check: package subdirectories
Result: NOTE Problems with news in ‘NEWS.md’: No news entries found. Flavors: r-devel-linux-x86_64-debian-clang, r-devel-linux-x86_64-debian-gcc, r-devel-linux-x86_64-fedora-clang, r-devel-linux-x86_64-fedora-gcc, r-devel-windows-x86_64, r-patched-linux-x86_64, r-release-linux-x86_64, r-release-macos-arm64, r-release-macos-x86_64, r-release-windows-x86_64, r-oldrel-macos-arm64, r-oldrel-macos-x86_64, r-oldrel-windows-x86_64

Version: 0.1.2
Check: LazyData
Result: NOTE 'LazyData' is specified without a 'data' directory Flavors: r-oldrel-macos-arm64, r-oldrel-macos-x86_64, r-oldrel-windows-x86_64