Last updated on 2025-10-31 22:49:56 CET.
| Flavor | Version | Tinstall | Tcheck | Ttotal | Status | Flags | 
|---|---|---|---|---|---|---|
| r-devel-linux-x86_64-debian-clang | 1.0.0 | 6.53 | 62.42 | 68.95 | NOTE | |
| r-devel-linux-x86_64-debian-gcc | 1.0.0 | 4.87 | 45.79 | 50.66 | NOTE | |
| r-devel-linux-x86_64-fedora-clang | 1.0.0 | 14.00 | 92.08 | 106.08 | NOTE | |
| r-devel-linux-x86_64-fedora-gcc | 1.0.0 | 17.00 | 81.24 | 98.24 | NOTE | |
| r-devel-windows-x86_64 | 1.0.0 | 8.00 | 68.00 | 76.00 | OK | |
| r-patched-linux-x86_64 | 1.0.0 | 6.30 | 58.25 | 64.55 | OK | |
| r-release-linux-x86_64 | 1.0.0 | 5.84 | 57.88 | 63.72 | OK | |
| r-release-macos-arm64 | 1.0.0 | 4.00 | 31.00 | 35.00 | OK | |
| r-release-macos-x86_64 | 1.0.0 | 7.00 | 63.00 | 70.00 | OK | |
| r-release-windows-x86_64 | 1.0.0 | 9.00 | 70.00 | 79.00 | OK | |
| r-oldrel-macos-arm64 | 1.0.0 | 3.00 | 24.00 | 27.00 | OK | |
| r-oldrel-macos-x86_64 | 1.0.0 | 5.00 | 47.00 | 52.00 | OK | |
| r-oldrel-windows-x86_64 | 1.0.0 | 10.00 | 86.00 | 96.00 | OK | 
Version: 1.0.0
Check: CRAN incoming feasibility
Result: NOTE
  Maintainer: ‘Zijian Guo <zijguo@stat.rutgers.edu>’
  
  No Authors@R field in DESCRIPTION.
  Please add one, modifying
    Authors@R: c(person(given = "Wei",
                        family = "Yuan",
                        role = "aut"),
                 person(given = "Zhenyu",
                        family = "Wang",
                        role = "aut"),
                 person(given = "Zijian",
                        family = "Guo",
                        role = c("aut", "cre"),
                        email = "zijguo@stat.rutgers.edu"),
                 person(given = "Cun-Hui",
                        family = "Zhang",
                        role = "aut"))
  as necessary.
  
  The Description field contains
    <arxiv:1907.12732>. It constructs the confidence interval for the
  Please refer to arXiv e-prints via their arXiv DOI <doi:10.48550/arXiv.YYMM.NNNNN>.
Flavors: r-devel-linux-x86_64-debian-clang, r-devel-linux-x86_64-debian-gcc
Version: 1.0.0
Check: dependencies in R code
Result: NOTE
  Namespace in Imports field not imported from: ‘MASS’
    All declared Imports should be used.
Flavors: r-devel-linux-x86_64-fedora-clang, r-devel-linux-x86_64-fedora-gcc