Last updated on 2025-05-10 16:52:13 CEST.
Flavor | Version | Tinstall | Tcheck | Ttotal | Status | Flags |
---|---|---|---|---|---|---|
r-devel-linux-x86_64-debian-clang | 3.5.8 | 100.24 | 147.55 | 247.79 | OK | |
r-devel-linux-x86_64-debian-gcc | 3.5.8 | 75.01 | 108.29 | 183.30 | OK | |
r-devel-linux-x86_64-fedora-clang | 3.5.8 | 427.55 | OK | |||
r-devel-linux-x86_64-fedora-gcc | 3.5.8 | 453.17 | OK | |||
r-devel-windows-x86_64 | 3.5.8 | 117.00 | 220.00 | 337.00 | OK | |
r-patched-linux-x86_64 | 3.5.8 | 99.41 | 139.39 | 238.80 | OK | |
r-release-linux-x86_64 | 3.5.8 | 103.20 | 138.99 | 242.19 | OK | |
r-release-macos-arm64 | 3.5.8 | 120.00 | OK | |||
r-release-macos-x86_64 | 3.5.8 | 187.00 | OK | |||
r-release-windows-x86_64 | 3.5.8 | 117.00 | 224.00 | 341.00 | OK | |
r-oldrel-macos-arm64 | 3.5.8 | 112.00 | NOTE | |||
r-oldrel-macos-x86_64 | 3.5.8 | 141.00 | NOTE | |||
r-oldrel-windows-x86_64 | 3.5.8 | 141.00 | 263.00 | 404.00 | OK |
Version: 3.5.8
Check: installed package size
Result: NOTE
installed size is 8.3Mb
sub-directories of 1Mb or more:
doc 1.9Mb
libs 5.3Mb
Flavors: r-oldrel-macos-arm64, r-oldrel-macos-x86_64