Last updated on 2025-10-21 15:50:45 CEST.
Flavor | Version | Tinstall | Tcheck | Ttotal | Status | Flags |
---|---|---|---|---|---|---|
r-devel-linux-x86_64-debian-clang | 0.3.0 | 4.40 | 43.20 | 47.60 | NOTE | |
r-devel-linux-x86_64-debian-gcc | 0.3.0 | 3.63 | 34.27 | 37.90 | NOTE | |
r-devel-linux-x86_64-fedora-clang | 0.3.0 | 10.00 | 56.36 | 66.36 | OK | |
r-devel-linux-x86_64-fedora-gcc | 0.3.0 | 78.68 | OK | |||
r-devel-windows-x86_64 | 0.3.0 | 12.00 | 97.00 | 109.00 | OK | |
r-patched-linux-x86_64 | 0.3.0 | 4.27 | 42.37 | 46.64 | OK | |
r-release-linux-x86_64 | 0.3.0 | 3.77 | 41.72 | 45.49 | OK | |
r-release-macos-arm64 | 0.3.0 | 3.00 | 34.00 | 37.00 | OK | |
r-release-macos-x86_64 | 0.3.0 | 6.00 | 66.00 | 72.00 | OK | |
r-release-windows-x86_64 | 0.3.0 | 11.00 | 104.00 | 115.00 | OK | |
r-oldrel-macos-arm64 | 0.3.0 | 3.00 | 39.00 | 42.00 | OK | |
r-oldrel-macos-x86_64 | 0.3.0 | 4.00 | 51.00 | 55.00 | OK | |
r-oldrel-windows-x86_64 | 0.3.0 | 13.00 | 100.00 | 113.00 | OK |
Version: 0.3.0
Check: CRAN incoming feasibility
Result: NOTE
Maintainer: ‘Tony Pourmohamad <tpourmohamad@gmail.com>’
Package CITATION file contains call(s) to old-style personList() or
as.personList(). Please use c() on person objects instead.
Package CITATION file contains call(s) to old-style citEntry(). Please
use bibentry() instead.
Flavors: r-devel-linux-x86_64-debian-clang, r-devel-linux-x86_64-debian-gcc