Last updated on 2025-05-09 02:49:32 CEST.
Flavor | Version | Tinstall | Tcheck | Ttotal | Status | Flags |
---|---|---|---|---|---|---|
r-devel-linux-x86_64-debian-clang | 0.3.0 | 4.90 | 37.23 | 42.13 | NOTE | |
r-devel-linux-x86_64-debian-gcc | 0.3.0 | 3.79 | 30.22 | 34.01 | NOTE | |
r-devel-linux-x86_64-fedora-clang | 0.3.0 | 65.94 | OK | |||
r-devel-linux-x86_64-fedora-gcc | 0.3.0 | 80.14 | OK | |||
r-devel-windows-x86_64 | 0.3.0 | 10.00 | 100.00 | 110.00 | OK | |
r-patched-linux-x86_64 | 0.3.0 | 4.54 | 36.31 | 40.85 | OK | |
r-release-linux-x86_64 | 0.3.0 | 4.20 | 36.24 | 40.44 | OK | |
r-release-macos-arm64 | 0.3.0 | 37.00 | OK | |||
r-release-macos-x86_64 | 0.3.0 | 72.00 | OK | |||
r-release-windows-x86_64 | 0.3.0 | 10.00 | 102.00 | 112.00 | OK | |
r-oldrel-macos-arm64 | 0.3.0 | 42.00 | OK | |||
r-oldrel-macos-x86_64 | 0.3.0 | 55.00 | OK | |||
r-oldrel-windows-x86_64 | 0.3.0 | 12.00 | 101.00 | 113.00 | OK |
Version: 0.3.0
Check: CRAN incoming feasibility
Result: NOTE
Maintainer: ‘Tony Pourmohamad <tpourmohamad@gmail.com>’
Package CITATION file contains call(s) to old-style personList() or
as.personList(). Please use c() on person objects instead.
Package CITATION file contains call(s) to old-style citEntry(). Please
use bibentry() instead.
Flavors: r-devel-linux-x86_64-debian-clang, r-devel-linux-x86_64-debian-gcc