Last updated on 2025-11-01 16:49:29 CET.
| Flavor | Version | Tinstall | Tcheck | Ttotal | Status | Flags |
|---|---|---|---|---|---|---|
| r-devel-linux-x86_64-debian-clang | 1.3 | 12.61 | 122.76 | 135.37 | NOTE | |
| r-devel-linux-x86_64-debian-gcc | 1.4 | 10.20 | 105.98 | 116.18 | OK | |
| r-devel-linux-x86_64-fedora-clang | 1.4 | 25.00 | 227.36 | 252.36 | OK | |
| r-devel-linux-x86_64-fedora-gcc | 1.4 | 23.00 | 221.67 | 244.67 | OK | |
| r-devel-windows-x86_64 | 1.3 | 14.00 | 121.00 | 135.00 | NOTE | |
| r-patched-linux-x86_64 | 1.3 | 13.60 | 116.27 | 129.87 | NOTE | |
| r-release-linux-x86_64 | 1.3 | 13.85 | 116.18 | 130.03 | NOTE | |
| r-release-macos-arm64 | 1.4 | 7.00 | 61.00 | 68.00 | OK | |
| r-release-macos-x86_64 | 1.4 | 18.00 | 149.00 | 167.00 | OK | |
| r-release-windows-x86_64 | 1.4 | 15.00 | 158.00 | 173.00 | OK | |
| r-oldrel-macos-arm64 | 1.4 | 7.00 | 63.00 | 70.00 | OK | |
| r-oldrel-macos-x86_64 | 1.4 | 16.00 | 142.00 | 158.00 | OK | |
| r-oldrel-windows-x86_64 | 1.4 | 22.00 | 192.00 | 214.00 | OK |
Version: 1.3
Check: Rd cross-references
Result: NOTE
Found the following Rd file(s) with Rd \link{} targets missing package
anchors:
catpredi.Rd: mgcv
catpredi.survival.Rd: Surv
Please provide package anchors for all Rd \link{} targets not in the
package itself and the base packages.
Flavors: r-devel-linux-x86_64-debian-clang, r-devel-windows-x86_64, r-patched-linux-x86_64, r-release-linux-x86_64