Last updated on 2025-05-12 12:49:07 CEST.
Flavor | Version | Tinstall | Tcheck | Ttotal | Status | Flags |
---|---|---|---|---|---|---|
r-devel-linux-x86_64-debian-clang | 1.0 | 5.92 | 47.72 | 53.64 | OK | |
r-devel-linux-x86_64-debian-gcc | 1.0 | 4.29 | 34.28 | 38.57 | OK | |
r-devel-linux-x86_64-fedora-clang | 1.0 | 85.02 | OK | |||
r-devel-linux-x86_64-fedora-gcc | 1.0 | 77.93 | OK | |||
r-devel-windows-x86_64 | 1.0 | 8.00 | 68.00 | 76.00 | OK | |
r-patched-linux-x86_64 | 1.0 | 5.32 | 47.00 | 52.32 | OK | |
r-release-linux-x86_64 | 1.0 | 5.44 | 44.83 | 50.27 | OK | |
r-release-macos-arm64 | 1.0 | 33.00 | OK | |||
r-release-macos-x86_64 | 1.0 | 47.00 | OK | |||
r-release-windows-x86_64 | 1.0 | 8.00 | 69.00 | 77.00 | OK | |
r-oldrel-macos-arm64 | 1.0 | 28.00 | NOTE | |||
r-oldrel-macos-x86_64 | 1.0 | 41.00 | NOTE | |||
r-oldrel-windows-x86_64 | 1.0 | 9.00 | 80.00 | 89.00 | NOTE |
Version: 1.0
Check: LazyData
Result: NOTE
'LazyData' is specified without a 'data' directory
Flavors: r-oldrel-macos-arm64, r-oldrel-macos-x86_64, r-oldrel-windows-x86_64