Last updated on 2025-05-10 08:50:35 CEST.
Flavor | Version | Tinstall | Tcheck | Ttotal | Status | Flags |
---|---|---|---|---|---|---|
r-devel-linux-x86_64-debian-clang | 1.9 | 13.86 | 98.40 | 112.26 | NOTE | |
r-devel-linux-x86_64-debian-gcc | 1.9 | 9.27 | 69.28 | 78.55 | NOTE | |
r-devel-linux-x86_64-fedora-clang | 1.9 | 158.48 | OK | |||
r-devel-linux-x86_64-fedora-gcc | 1.9 | 159.82 | OK | |||
r-devel-windows-x86_64 | 1.9 | 13.00 | 99.00 | 112.00 | OK | |
r-patched-linux-x86_64 | 1.9 | 12.92 | 90.59 | 103.51 | OK | |
r-release-linux-x86_64 | 1.9 | 12.31 | 91.39 | 103.70 | OK | |
r-release-macos-arm64 | 1.9 | 44.00 | OK | |||
r-release-macos-x86_64 | 1.9 | 83.00 | OK | |||
r-release-windows-x86_64 | 1.9 | 14.00 | 101.00 | 115.00 | OK | |
r-oldrel-macos-arm64 | 1.9 | 44.00 | OK | |||
r-oldrel-macos-x86_64 | 1.9 | 63.00 | OK | |||
r-oldrel-windows-x86_64 | 1.9 | 19.00 | 126.00 | 145.00 | OK |
Version: 1.9
Check: CRAN incoming feasibility
Result: NOTE
Maintainer: ‘Charles-Édouard Giguère <ce.giguere@gmail.com>’
No Authors@R field in DESCRIPTION.
Please add one, modifying
Authors@R: person(given = "Charles-Édouard",
family = "Giguère",
role = c("aut", "cre"),
email = "ce.giguere@gmail.com")
as necessary.
Flavors: r-devel-linux-x86_64-debian-clang, r-devel-linux-x86_64-debian-gcc