Last updated on 2025-05-11 00:49:33 CEST.
Flavor | Version | Tinstall | Tcheck | Ttotal | Status | Flags |
---|---|---|---|---|---|---|
r-devel-linux-x86_64-debian-clang | 1.1.2 | 95.57 | 32.87 | 128.44 | OK | |
r-devel-linux-x86_64-debian-gcc | 1.1.2 | 65.68 | 25.24 | 90.92 | OK | |
r-devel-linux-x86_64-fedora-clang | 1.1.2 | 239.90 | OK | |||
r-devel-linux-x86_64-fedora-gcc | 1.1.2 | 242.19 | OK | |||
r-devel-windows-x86_64 | 1.1.2 | 108.00 | 74.00 | 182.00 | OK | |
r-patched-linux-x86_64 | 1.1.2 | 89.69 | 30.70 | 120.39 | OK | |
r-release-linux-x86_64 | 1.1.2 | 87.73 | 30.41 | 118.14 | OK | |
r-release-macos-arm64 | 1.1.2 | 57.00 | OK | |||
r-release-macos-x86_64 | 1.1.2 | 71.00 | OK | |||
r-release-windows-x86_64 | 1.1.2 | 110.00 | 78.00 | 188.00 | OK | |
r-oldrel-macos-arm64 | 1.1.2 | 66.00 | NOTE | |||
r-oldrel-macos-x86_64 | 1.1.2 | 79.00 | NOTE | |||
r-oldrel-windows-x86_64 | 1.1.2 | 128.00 | 85.00 | 213.00 | OK |
Version: 1.1.2
Check: installed package size
Result: NOTE
installed size is 5.3Mb
sub-directories of 1Mb or more:
libs 5.1Mb
Flavors: r-oldrel-macos-arm64, r-oldrel-macos-x86_64