CRAN Package Check Results for Package CIMPLE

Last updated on 2025-05-10 08:50:34 CEST.

Flavor Version Tinstall Tcheck Ttotal Status Flags
r-devel-linux-x86_64-debian-clang 0.1.0 5.93 45.93 51.86 NOTE
r-devel-linux-x86_64-debian-gcc 0.1.0 3.80 32.08 35.88 NOTE
r-devel-linux-x86_64-fedora-clang 0.1.0 75.32 NOTE
r-devel-linux-x86_64-fedora-gcc 0.1.0 73.45 NOTE
r-devel-windows-x86_64 0.1.0 7.00 59.00 66.00 NOTE
r-patched-linux-x86_64 0.1.0 5.88 41.97 47.85 NOTE
r-release-linux-x86_64 0.1.0 4.61 41.01 45.62 NOTE
r-release-macos-arm64 0.1.0 24.00 NOTE
r-release-macos-x86_64 0.1.0 46.00 NOTE
r-release-windows-x86_64 0.1.0 6.00 58.00 64.00 NOTE
r-oldrel-macos-arm64 0.1.0 193.00 OK
r-oldrel-macos-x86_64 0.1.0 212.00 OK
r-oldrel-windows-x86_64 0.1.0 9.00 69.00 78.00 OK

Check Details

Version: 0.1.0
Check: DESCRIPTION meta-information
Result: NOTE Missing dependency on R >= 4.1.0 because package code uses the pipe |> or function shorthand \(...) syntax added in R 4.1.0. File(s) using such syntax: ‘long_est.R’ Flavors: r-devel-linux-x86_64-debian-clang, r-devel-linux-x86_64-debian-gcc, r-devel-linux-x86_64-fedora-clang, r-devel-linux-x86_64-fedora-gcc, r-devel-windows-x86_64, r-patched-linux-x86_64, r-release-linux-x86_64, r-release-macos-arm64, r-release-macos-x86_64, r-release-windows-x86_64